Last updated on 2025-05-10 20:49:41 CEST.
Flavor | Version | Tinstall | Tcheck | Ttotal | Status | Flags |
---|---|---|---|---|---|---|
r-devel-linux-x86_64-debian-clang | 1.0-1 | 18.00 | 154.75 | 172.75 | NOTE | |
r-devel-linux-x86_64-debian-gcc | 1.0-1 | 11.90 | 104.03 | 115.93 | NOTE | |
r-devel-linux-x86_64-fedora-clang | 1.0-1 | 251.86 | OK | |||
r-devel-linux-x86_64-fedora-gcc | 1.0-1 | 268.54 | OK | |||
r-devel-windows-x86_64 | 1.0-1 | 18.00 | 147.00 | 165.00 | OK | |
r-patched-linux-x86_64 | 1.0-1 | 17.07 | 143.53 | 160.60 | OK | |
r-release-linux-x86_64 | 1.0-1 | 18.14 | 139.20 | 157.34 | OK | |
r-release-macos-arm64 | 1.0-1 | 66.00 | OK | |||
r-release-macos-x86_64 | 1.0-1 | 133.00 | OK | |||
r-release-windows-x86_64 | 1.0-1 | 18.00 | 153.00 | 171.00 | OK | |
r-oldrel-macos-arm64 | 1.0-1 | 66.00 | OK | |||
r-oldrel-macos-x86_64 | 1.0-1 | 96.00 | OK | |||
r-oldrel-windows-x86_64 | 1.0-1 | 24.00 | 184.00 | 208.00 | OK |
Version: 1.0-1
Check: CRAN incoming feasibility
Result: NOTE
Maintainer: ‘Carlos Melo <cmelo@udistrital.edu.co>’
Package CITATION file contains call(s) to old-style personList() or
as.personList(). Please use c() on person objects instead.
Package CITATION file contains call(s) to old-style citEntry(). Please
use bibentry() instead.
Flavors: r-devel-linux-x86_64-debian-clang, r-devel-linux-x86_64-debian-gcc