CRAN Package Check Results for Package geometries

Last updated on 2025-05-10 20:49:41 CEST.

Flavor Version Tinstall Tcheck Ttotal Status Flags
r-devel-linux-x86_64-debian-clang 0.2.4 68.53 29.13 97.66 NOTE
r-devel-linux-x86_64-debian-gcc 0.2.4 57.26 23.51 80.77 NOTE
r-devel-linux-x86_64-fedora-clang 0.2.4 182.87 NOTE
r-devel-linux-x86_64-fedora-gcc 0.2.4 250.70 NOTE
r-devel-windows-x86_64 0.2.4 81.00 70.00 151.00 NOTE
r-patched-linux-x86_64 0.2.4 81.97 27.15 109.12 NOTE
r-release-linux-x86_64 0.2.4 80.29 26.88 107.17 NOTE
r-release-macos-arm64 0.2.4 51.00 NOTE
r-release-macos-x86_64 0.2.4 100.00 NOTE
r-release-windows-x86_64 0.2.4 87.00 69.00 156.00 NOTE
r-oldrel-macos-arm64 0.2.4 40.00 NOTE
r-oldrel-macos-x86_64 0.2.4 81.00 OK
r-oldrel-windows-x86_64 0.2.4 90.00 82.00 172.00 OK

Check Details

Version: 0.2.4
Check: compiled code
Result: NOTE File ‘geometries/libs/geometries.so’: Found non-API call to R: ‘STRING_PTR’ Compiled code should not call non-API entry points in R. See ‘Writing portable packages’ in the ‘Writing R Extensions’ manual, and section ‘Moving into C API compliance’ for issues with the use of non-API entry points. Flavors: r-devel-linux-x86_64-debian-clang, r-devel-linux-x86_64-debian-gcc, r-devel-linux-x86_64-fedora-clang, r-devel-linux-x86_64-fedora-gcc, r-patched-linux-x86_64, r-release-linux-x86_64, r-release-macos-arm64, r-release-macos-x86_64

Version: 0.2.4
Check: compiled code
Result: NOTE File 'geometries/libs/x64/geometries.dll': Found non-API call to R: 'STRING_PTR' Compiled code should not call non-API entry points in R. See 'Writing portable packages' in the 'Writing R Extensions' manual, and section 'Moving into C API compliance' for issues with the use of non-API entry points. Flavors: r-devel-windows-x86_64, r-release-windows-x86_64

Version: 0.2.4
Check: installed package size
Result: NOTE installed size is 5.7Mb sub-directories of 1Mb or more: libs 5.3Mb Flavor: r-oldrel-macos-arm64