Last updated on 2024-05-19 12:53:46 CEST.
Flavor | Version | Tinstall | Tcheck | Ttotal | Status | Flags |
---|---|---|---|---|---|---|
r-devel-linux-x86_64-debian-clang | 0.0.8 | 7.88 | 36.72 | 44.60 | NOTE | |
r-devel-linux-x86_64-debian-gcc | 0.0.8 | 5.97 | 27.72 | 33.69 | NOTE | |
r-devel-linux-x86_64-fedora-clang | 0.0.8 | 55.25 | NOTE | |||
r-devel-linux-x86_64-fedora-gcc | 0.0.8 | 73.35 | NOTE | |||
r-devel-windows-x86_64 | 0.0.8 | 13.00 | 49.00 | 62.00 | NOTE | |
r-patched-linux-x86_64 | 0.0.8 | 7.54 | 34.96 | 42.50 | NOTE | |
r-release-linux-x86_64 | 0.0.8 | 7.74 | 34.35 | 42.09 | NOTE | |
r-release-macos-arm64 | 0.0.8 | 28.00 | NOTE | |||
r-release-windows-x86_64 | 0.0.8 | 14.00 | 53.00 | 67.00 | NOTE | |
r-oldrel-macos-arm64 | 0.0.8 | 28.00 | OK | |||
r-oldrel-macos-x86_64 | 0.0.8 | 43.00 | OK | |||
r-oldrel-windows-x86_64 | 0.0.8 | 15.00 | 56.00 | 71.00 | OK |
Version: 0.0.8
Check: Rd files
Result: NOTE
checkRd: (-1) geodist.Rd:59: Lost braces
59 | code{sf::st_dist()} function.
| ^
checkRd: (-1) geodist_vec.Rd:65: Lost braces
65 | code{sf::st_dist()} function.
| ^
checkRd: (-1) georange.Rd:36: Lost braces
36 | code{sf::st_dist()} function.
| ^
Flavors: r-devel-linux-x86_64-debian-clang, r-devel-linux-x86_64-debian-gcc, r-devel-linux-x86_64-fedora-clang, r-devel-linux-x86_64-fedora-gcc, r-devel-windows-x86_64, r-patched-linux-x86_64, r-release-linux-x86_64, r-release-macos-arm64, r-release-windows-x86_64