Last updated on 2025-05-10 20:49:41 CEST.
Flavor | Version | Tinstall | Tcheck | Ttotal | Status | Flags |
---|---|---|---|---|---|---|
r-devel-linux-x86_64-debian-clang | 0.1-3 | 9.92 | 67.27 | 77.19 | NOTE | |
r-devel-linux-x86_64-debian-gcc | 0.1-3 | 7.40 | 51.05 | 58.45 | NOTE | |
r-devel-linux-x86_64-fedora-clang | 0.1-3 | 130.78 | OK | |||
r-devel-linux-x86_64-fedora-gcc | 0.1-3 | 118.31 | OK | |||
r-devel-windows-x86_64 | 0.1-3 | 11.00 | 79.00 | 90.00 | NOTE | |
r-patched-linux-x86_64 | 0.1-3 | 10.76 | 67.58 | 78.34 | NOTE | |
r-release-linux-x86_64 | 0.1-3 | 10.09 | 66.58 | 76.67 | NOTE | |
r-release-macos-arm64 | 0.1-3 | 39.00 | OK | |||
r-release-macos-x86_64 | 0.1-3 | 63.00 | OK | |||
r-release-windows-x86_64 | 0.1-3 | 11.00 | 83.00 | 94.00 | NOTE | |
r-oldrel-macos-arm64 | 0.1-3 | 36.00 | OK | |||
r-oldrel-macos-x86_64 | 0.1-3 | 53.00 | OK | |||
r-oldrel-windows-x86_64 | 0.1-3 | 14.00 | 99.00 | 113.00 | OK |
Version: 0.1-3
Check: Rd cross-references
Result: NOTE
Found the following Rd file(s) with Rd \link{} targets missing package
anchors:
geoGAM.Rd: grpreg, cv.grpreg, gamboost, mboost, cvrisk, gam, polr,
cv, mgcv
methods.geoGAM.Rd: summary.gam, plot.gam, gam, predict.gam
predict.geoGAM.Rd: predict.gam, gam
Please provide package anchors for all Rd \link{} targets not in the
package itself and the base packages.
Flavors: r-devel-linux-x86_64-debian-clang, r-devel-linux-x86_64-debian-gcc, r-devel-windows-x86_64, r-patched-linux-x86_64, r-release-linux-x86_64, r-release-windows-x86_64