Last updated on 2025-05-10 16:52:17 CEST.
Flavor | Version | Tinstall | Tcheck | Ttotal | Status | Flags |
---|---|---|---|---|---|---|
r-devel-linux-x86_64-debian-clang | 1.5.11 | 54.42 | 317.00 | 371.42 | NOTE | |
r-devel-linux-x86_64-debian-gcc | 1.5.11 | 34.47 | 231.93 | 266.40 | NOTE | |
r-devel-linux-x86_64-fedora-clang | 1.5.11 | 645.45 | OK | |||
r-devel-linux-x86_64-fedora-gcc | 1.5.11 | 657.75 | OK | |||
r-devel-windows-x86_64 | 1.5.11 | 53.00 | 295.00 | 348.00 | NOTE | |
r-patched-linux-x86_64 | 1.5.11 | 49.80 | 334.49 | 384.29 | NOTE | |
r-release-linux-x86_64 | 1.5.11 | 49.97 | 337.93 | 387.90 | NOTE | |
r-release-macos-arm64 | 1.5.11 | 170.00 | OK | |||
r-release-macos-x86_64 | 1.5.11 | 411.00 | OK | |||
r-release-windows-x86_64 | 1.5.11 | 53.00 | 294.00 | 347.00 | NOTE | |
r-oldrel-macos-arm64 | 1.5.11 | 143.00 | NOTE | |||
r-oldrel-macos-x86_64 | 1.5.11 | 259.00 | NOTE | |||
r-oldrel-windows-x86_64 | 1.5.11 | 69.00 | 391.00 | 460.00 | NOTE |
Version: 1.5.11
Check: Rd cross-references
Result: NOTE
Found the following Rd file(s) with Rd \link{} targets missing package
anchors:
plot_raster_single.Rd: raster
Please provide package anchors for all Rd \link{} targets not in the
package itself and the base packages.
Flavors: r-devel-linux-x86_64-debian-clang, r-devel-linux-x86_64-debian-gcc, r-devel-windows-x86_64, r-patched-linux-x86_64, r-release-linux-x86_64, r-release-windows-x86_64
Version: 1.5.11
Check: installed package size
Result: NOTE
installed size is 6.7Mb
sub-directories of 1Mb or more:
doc 1.5Mb
extdata 3.4Mb
libs 1.4Mb
Flavors: r-oldrel-macos-arm64, r-oldrel-macos-x86_64, r-oldrel-windows-x86_64