Last updated on 2025-07-21 12:50:02 CEST.
Flavor | Version | Tinstall | Tcheck | Ttotal | Status | Flags |
---|---|---|---|---|---|---|
r-devel-linux-x86_64-debian-clang | 0.1.3 | 1.87 | 231.01 | 232.88 | OK | |
r-devel-linux-x86_64-debian-gcc | 0.1.3 | 1.76 | 204.70 | 206.46 | OK | |
r-devel-linux-x86_64-fedora-clang | 0.1.3 | 566.43 | NOTE | |||
r-devel-linux-x86_64-fedora-gcc | 0.1.3 | 559.31 | NOTE | |||
r-devel-windows-x86_64 | 0.1.3 | 5.00 | 289.00 | 294.00 | OK | |
r-patched-linux-x86_64 | 0.1.3 | 2.12 | 317.62 | 319.74 | OK | |
r-release-linux-x86_64 | 0.1.3 | 1.84 | 316.32 | 318.16 | OK | |
r-release-macos-arm64 | 0.1.3 | 129.00 | OK | |||
r-release-macos-x86_64 | 0.1.3 | 272.00 | OK | |||
r-release-windows-x86_64 | 0.1.3 | 5.00 | 297.00 | 302.00 | OK | |
r-oldrel-macos-arm64 | 0.1.3 | 116.00 | NOTE | |||
r-oldrel-macos-x86_64 | 0.1.3 | 198.00 | NOTE | |||
r-oldrel-windows-x86_64 | 0.1.3 | 6.00 | 398.00 | 404.00 | NOTE |
Version: 0.1.3
Check: dependencies in R code
Result: NOTE
Namespace in Imports field not imported from: ‘methods’
All declared Imports should be used.
Flavors: r-devel-linux-x86_64-fedora-clang, r-devel-linux-x86_64-fedora-gcc
Version: 0.1.3
Check: LazyData
Result: NOTE
'LazyData' is specified without a 'data' directory
Flavors: r-oldrel-macos-arm64, r-oldrel-macos-x86_64, r-oldrel-windows-x86_64