Last updated on 2025-07-25 12:50:06 CEST.
Flavor | Version | Tinstall | Tcheck | Ttotal | Status | Flags |
---|---|---|---|---|---|---|
r-devel-linux-x86_64-debian-clang | 0.10.1 | 7.46 | 62.74 | 70.20 | NOTE | |
r-devel-linux-x86_64-debian-gcc | 0.10.1 | 5.40 | 47.54 | 52.94 | NOTE | |
r-devel-linux-x86_64-fedora-clang | 0.10.1 | 107.34 | OK | |||
r-devel-linux-x86_64-fedora-gcc | 0.10.1 | 101.25 | OK | |||
r-devel-windows-x86_64 | 0.10.1 | 7.00 | 75.00 | 82.00 | OK | |
r-patched-linux-x86_64 | 0.10.1 | 7.44 | 58.81 | 66.25 | OK | |
r-release-linux-x86_64 | 0.10.1 | 6.08 | 59.38 | 65.46 | OK | |
r-release-macos-arm64 | 0.10.1 | 41.00 | OK | |||
r-release-macos-x86_64 | 0.10.1 | 63.00 | OK | |||
r-release-windows-x86_64 | 0.10.1 | 7.00 | 77.00 | 84.00 | OK | |
r-oldrel-macos-arm64 | 0.10.1 | 32.00 | OK | |||
r-oldrel-macos-x86_64 | 0.10.1 | 53.00 | OK | |||
r-oldrel-windows-x86_64 | 0.10.1 | 10.00 | 95.00 | 105.00 | OK |
Version: 0.10.1
Check: CRAN incoming feasibility
Result: NOTE
Maintainer: ‘Lee McDaniel <lmcda4@lsuhsc.edu>’
Package CITATION file contains call(s) to old-style personList() or
as.personList(). Please use c() on person objects instead.
Package CITATION file contains call(s) to old-style citEntry(). Please
use bibentry() instead.
Flavors: r-devel-linux-x86_64-debian-clang, r-devel-linux-x86_64-debian-gcc