Last updated on 2025-05-10 20:49:41 CEST.
Flavor | Version | Tinstall | Tcheck | Ttotal | Status | Flags |
---|---|---|---|---|---|---|
r-devel-linux-x86_64-debian-clang | 1.2.0 | 3.25 | 29.51 | 32.76 | NOTE | |
r-devel-linux-x86_64-debian-gcc | 1.2.0 | 2.28 | 23.96 | 26.24 | NOTE | |
r-devel-linux-x86_64-fedora-clang | 1.2.0 | 52.91 | OK | |||
r-devel-linux-x86_64-fedora-gcc | 1.2.0 | 47.46 | OK | |||
r-devel-windows-x86_64 | 1.2.0 | 5.00 | 48.00 | 53.00 | OK | |
r-patched-linux-x86_64 | 1.2.0 | 3.33 | 28.15 | 31.48 | OK | |
r-release-linux-x86_64 | 1.2.0 | 2.39 | 27.71 | 30.10 | OK | |
r-release-macos-arm64 | 1.2.0 | 23.00 | OK | |||
r-release-macos-x86_64 | 1.2.0 | 32.00 | OK | |||
r-release-windows-x86_64 | 1.2.0 | 4.00 | 51.00 | 55.00 | OK | |
r-oldrel-macos-arm64 | 1.2.0 | 21.00 | OK | |||
r-oldrel-macos-x86_64 | 1.2.0 | 28.00 | OK | |||
r-oldrel-windows-x86_64 | 1.2.0 | 5.00 | 56.00 | 61.00 | OK |
Version: 1.2.0
Check: CRAN incoming feasibility
Result: NOTE
Maintainer: ‘Waley W. J. Liang <wliang10@gmail.com>’
No Authors@R field in DESCRIPTION.
Please add one, modifying
Authors@R: person(given = c("Waley", "W.", "J."),
family = "Liang",
role = c("aut", "cre"),
email = "wliang10@gmail.com")
as necessary.
Flavors: r-devel-linux-x86_64-debian-clang, r-devel-linux-x86_64-debian-gcc