Last updated on 2025-07-28 08:50:37 CEST.
Flavor | Version | Tinstall | Tcheck | Ttotal | Status | Flags |
---|---|---|---|---|---|---|
r-devel-linux-x86_64-debian-clang | 2.2.2 | 33.62 | 109.69 | 143.31 | NOTE | |
r-devel-linux-x86_64-debian-gcc | 2.2.2 | 21.94 | 84.04 | 105.98 | NOTE | |
r-devel-linux-x86_64-fedora-clang | 2.2.2 | 270.33 | OK | |||
r-devel-linux-x86_64-fedora-gcc | 2.2.2 | 234.25 | OK | |||
r-devel-windows-x86_64 | 2.2.2 | 48.00 | 153.00 | 201.00 | OK | |
r-patched-linux-x86_64 | 2.2.2 | 30.11 | 105.25 | 135.36 | NOTE | |
r-release-linux-x86_64 | 2.2.2 | 29.39 | 104.95 | 134.34 | NOTE | |
r-release-macos-arm64 | 2.2.2 | 84.00 | OK | |||
r-release-macos-x86_64 | 2.2.2 | 179.00 | OK | |||
r-release-windows-x86_64 | 2.2.2 | 42.00 | 154.00 | 196.00 | OK | |
r-oldrel-macos-arm64 | 2.2.2 | 98.00 | OK | |||
r-oldrel-macos-x86_64 | 2.2.2 | 173.00 | OK | |||
r-oldrel-windows-x86_64 | 2.2.2 | 54.00 | 176.00 | 230.00 | OK |
Version: 2.2.2
Check: for unstated dependencies in ‘demo’
Result: NOTE
'library' or 'require' call not declared from: ‘MASS’
Flavors: r-devel-linux-x86_64-debian-clang, r-devel-linux-x86_64-debian-gcc, r-patched-linux-x86_64, r-release-linux-x86_64