Last updated on 2025-05-10 20:49:41 CEST.
Flavor | Version | Tinstall | Tcheck | Ttotal | Status | Flags |
---|---|---|---|---|---|---|
r-devel-linux-x86_64-debian-clang | 1.0.2 | 36.03 | 282.55 | 318.58 | OK | |
r-devel-linux-x86_64-debian-gcc | 1.0.2 | 23.61 | 191.55 | 215.16 | OK | |
r-devel-linux-x86_64-fedora-clang | 1.0.2 | 507.02 | OK | |||
r-devel-linux-x86_64-fedora-gcc | 1.0.2 | 511.47 | OK | |||
r-devel-windows-x86_64 | 1.0.2 | 33.00 | 227.00 | 260.00 | WARN | |
r-patched-linux-x86_64 | 1.0.2 | 34.23 | 271.90 | 306.13 | OK | |
r-release-linux-x86_64 | 1.0.2 | 36.56 | 273.82 | 310.38 | OK | |
r-release-macos-arm64 | 1.0.2 | 129.00 | OK | |||
r-release-macos-x86_64 | 1.0.2 | 371.00 | OK | |||
r-release-windows-x86_64 | 1.0.2 | 34.00 | 234.00 | 268.00 | OK | |
r-oldrel-macos-arm64 | 1.0.2 | 131.00 | OK | |||
r-oldrel-macos-x86_64 | 1.0.2 | 230.00 | OK | |||
r-oldrel-windows-x86_64 | 1.0.2 | 50.00 | 323.00 | 373.00 | OK |
Version: 1.0.2
Check: whether the package can be unloaded cleanly
Result: WARN
Flavor: r-devel-windows-x86_64