Last updated on 2025-05-10 16:52:17 CEST.
Flavor | Version | Tinstall | Tcheck | Ttotal | Status | Flags |
---|---|---|---|---|---|---|
r-devel-linux-x86_64-debian-clang | 1.5.2 | 9.02 | 82.89 | 91.91 | NOTE | |
r-devel-linux-x86_64-debian-gcc | 1.5.2 | 5.25 | 61.98 | 67.23 | NOTE | |
r-devel-linux-x86_64-fedora-clang | 1.5.2 | 149.87 | OK | |||
r-devel-linux-x86_64-fedora-gcc | 1.5.2 | 152.65 | OK | |||
r-devel-windows-x86_64 | 1.5.2 | 11.00 | 107.00 | 118.00 | NOTE | |
r-patched-linux-x86_64 | 1.5.2 | 10.16 | 78.32 | 88.48 | NOTE | |
r-release-linux-x86_64 | 1.5.2 | 8.36 | 77.78 | 86.14 | NOTE | |
r-release-macos-arm64 | 1.5.2 | 74.00 | OK | |||
r-release-macos-x86_64 | 1.5.2 | 119.00 | OK | |||
r-release-windows-x86_64 | 1.5.2 | 10.00 | 104.00 | 114.00 | NOTE | |
r-oldrel-macos-arm64 | 1.5.2 | 56.00 | OK | |||
r-oldrel-macos-x86_64 | 1.5.2 | 88.00 | OK | |||
r-oldrel-windows-x86_64 | 1.5.2 | 12.00 | 125.00 | 137.00 | OK |
Version: 1.5.2
Check: Rd cross-references
Result: NOTE
Found the following Rd file(s) with Rd \link{} targets missing package
anchors:
gargle_oauth_client_from_json.Rd: oauth_app
request_make.Rd: httr
request_retry.Rd: httr
response_process.Rd: httr
Please provide package anchors for all Rd \link{} targets not in the
package itself and the base packages.
Flavors: r-devel-linux-x86_64-debian-clang, r-devel-linux-x86_64-debian-gcc, r-devel-windows-x86_64, r-patched-linux-x86_64, r-release-linux-x86_64, r-release-windows-x86_64