Last updated on 2025-07-15 12:49:21 CEST.
Flavor | Version | Tinstall | Tcheck | Ttotal | Status | Flags |
---|---|---|---|---|---|---|
r-devel-linux-x86_64-debian-clang | 1.6 | 22.54 | 251.18 | 273.72 | OK | |
r-devel-linux-x86_64-debian-gcc | 1.6 | 16.88 | 177.61 | 194.49 | OK | |
r-devel-linux-x86_64-fedora-clang | 1.6 | 424.37 | OK | |||
r-devel-linux-x86_64-fedora-gcc | 1.6 | 449.89 | OK | |||
r-devel-windows-x86_64 | 1.6 | 32.00 | 386.00 | 418.00 | OK | |
r-patched-linux-x86_64 | 1.6 | 26.05 | 246.26 | 272.31 | OK | |
r-release-linux-x86_64 | 1.6 | 21.59 | 244.79 | 266.38 | OK | |
r-release-macos-arm64 | 1.6 | 127.00 | OK | |||
r-release-macos-x86_64 | 1.6 | 369.00 | OK | |||
r-release-windows-x86_64 | 1.6 | 35.00 | 366.00 | 401.00 | OK | |
r-oldrel-macos-arm64 | 1.6 | 134.00 | NOTE | |||
r-oldrel-macos-x86_64 | 1.6 | 287.00 | NOTE | |||
r-oldrel-windows-x86_64 | 1.6 | 43.00 | 408.00 | 451.00 | NOTE |
Version: 1.6
Check: installed package size
Result: NOTE
installed size is 9.0Mb
sub-directories of 1Mb or more:
doc 7.4Mb
Flavors: r-oldrel-macos-arm64, r-oldrel-macos-x86_64, r-oldrel-windows-x86_64