Last updated on 2025-05-10 20:49:41 CEST.
Flavor | Version | Tinstall | Tcheck | Ttotal | Status | Flags |
---|---|---|---|---|---|---|
r-devel-linux-x86_64-debian-clang | 5.1-9 | 7.72 | 60.06 | 67.78 | NOTE | |
r-devel-linux-x86_64-debian-gcc | 5.1-9 | 6.07 | 45.53 | 51.60 | NOTE | |
r-devel-linux-x86_64-fedora-clang | 5.1-9 | 110.43 | OK | |||
r-devel-linux-x86_64-fedora-gcc | 5.1-9 | 96.97 | OK | |||
r-devel-windows-x86_64 | 5.1-9 | 9.00 | 72.00 | 81.00 | OK | |
r-patched-linux-x86_64 | 5.1-9 | 7.27 | 57.02 | 64.29 | OK | |
r-release-linux-x86_64 | 5.1-9 | 7.27 | 56.97 | 64.24 | OK | |
r-release-macos-arm64 | 5.1-9 | 34.00 | OK | |||
r-release-macos-x86_64 | 5.1-9 | 57.00 | OK | |||
r-release-windows-x86_64 | 5.1-9 | 8.00 | 74.00 | 82.00 | OK | |
r-oldrel-macos-arm64 | 5.1-9 | 32.00 | OK | |||
r-oldrel-macos-x86_64 | 5.1-9 | 46.00 | OK | |||
r-oldrel-windows-x86_64 | 5.1-9 | 11.00 | 87.00 | 98.00 | OK |
Version: 5.1-9
Check: CRAN incoming feasibility
Result: NOTE
Maintainer: ‘Mikis Stasinopoulos <d.stasinopoulos@gre.ac.uk>’
No Authors@R field in DESCRIPTION.
Please add one, modifying
Authors@R: c(person(given = "Mikis",
family = "Stasinopoulos",
role = c("aut", "cre"),
email = "d.stasinopoulos@gre.ac.uk"),
person(given = "Bob",
family = "Rigby",
role = "aut",
email = "r.rigby@gre.ac.uk"))
as necessary.
Flavors: r-devel-linux-x86_64-debian-clang, r-devel-linux-x86_64-debian-gcc