Last updated on 2025-10-16 04:50:45 CEST.
Flavor | Version | Tinstall | Tcheck | Ttotal | Status | Flags |
---|---|---|---|---|---|---|
r-devel-linux-x86_64-debian-clang | 0.1.0 | 5.17 | 61.63 | 66.80 | NOTE | |
r-devel-linux-x86_64-debian-gcc | 0.1.0 | 3.56 | 42.61 | 46.17 | NOTE | |
r-devel-linux-x86_64-fedora-clang | 0.1.0 | 106.27 | OK | |||
r-devel-linux-x86_64-fedora-gcc | 0.1.0 | 111.90 | OK | |||
r-devel-windows-x86_64 | 0.1.0 | 7.00 | 76.00 | 83.00 | OK | |
r-patched-linux-x86_64 | 0.1.0 | 5.28 | 58.58 | 63.86 | OK | |
r-release-linux-x86_64 | 0.1.0 | 3.93 | 58.61 | 62.54 | OK | |
r-release-macos-arm64 | 0.1.0 | 40.00 | OK | |||
r-release-macos-x86_64 | 0.1.0 | 65.00 | OK | |||
r-release-windows-x86_64 | 0.1.0 | 6.00 | 79.00 | 85.00 | OK | |
r-oldrel-macos-arm64 | 0.1.0 | 33.00 | OK | |||
r-oldrel-macos-x86_64 | 0.1.0 | 52.00 | OK | |||
r-oldrel-windows-x86_64 | 0.1.0 | 8.00 | 93.00 | 101.00 | OK |
Version: 0.1.0
Check: CRAN incoming feasibility
Result: NOTE
Maintainer: ‘Hoon Hwangbo <hhwangb1@utk.edu>’
The Description field contains
Hwangbo, Y. Ding, and D. Cabezon (2019) <arXiv:1906.05776>.
Please refer to arXiv e-prints via their arXiv DOI <doi:10.48550/arXiv.YYMM.NNNNN>.
Flavors: r-devel-linux-x86_64-debian-clang, r-devel-linux-x86_64-debian-gcc