Last updated on 2025-05-10 16:52:18 CEST.
Flavor | Version | Tinstall | Tcheck | Ttotal | Status | Flags |
---|---|---|---|---|---|---|
r-devel-linux-x86_64-debian-clang | 0.2.0 | 8.29 | 79.85 | 88.14 | OK | |
r-devel-linux-x86_64-debian-gcc | 0.2.0 | 6.11 | 58.17 | 64.28 | OK | |
r-devel-linux-x86_64-fedora-clang | 0.2.0 | 145.13 | NOTE | |||
r-devel-linux-x86_64-fedora-gcc | 0.2.0 | 150.39 | NOTE | |||
r-devel-windows-x86_64 | 0.2.0 | 9.00 | 88.00 | 97.00 | OK | |
r-patched-linux-x86_64 | 0.2.0 | 8.62 | 75.80 | 84.42 | OK | |
r-release-linux-x86_64 | 0.2.0 | 9.45 | 75.67 | 85.12 | OK | |
r-release-macos-arm64 | 0.2.0 | 81.00 | OK | |||
r-release-macos-x86_64 | 0.2.0 | 84.00 | OK | |||
r-release-windows-x86_64 | 0.2.0 | 11.00 | 86.00 | 97.00 | OK | |
r-oldrel-macos-arm64 | 0.2.0 | 46.00 | OK | |||
r-oldrel-macos-x86_64 | 0.2.0 | 69.00 | OK | |||
r-oldrel-windows-x86_64 | 0.2.0 | 11.00 | 107.00 | 118.00 | OK |
Version: 0.2.0
Check: dependencies in R code
Result: NOTE
Namespaces in Imports field not imported from:
‘MASS’ ‘MCMCpack’ ‘ggplot2’ ‘moments’
All declared Imports should be used.
Flavors: r-devel-linux-x86_64-fedora-clang, r-devel-linux-x86_64-fedora-gcc