Last updated on 2025-05-10 08:50:38 CEST.
Flavor | Version | Tinstall | Tcheck | Ttotal | Status | Flags |
---|---|---|---|---|---|---|
r-devel-linux-x86_64-debian-clang | 0.2.2 | 1.81 | 39.97 | 41.78 | OK | |
r-devel-linux-x86_64-debian-gcc | 0.2.2 | 1.58 | 27.68 | 29.26 | OK | |
r-devel-linux-x86_64-fedora-clang | 0.2.2 | 63.55 | OK | |||
r-devel-linux-x86_64-fedora-gcc | 0.2.2 | 74.55 | OK | |||
r-devel-windows-x86_64 | 0.2.2 | 3.00 | 56.00 | 59.00 | OK | |
r-patched-linux-x86_64 | 0.2.2 | 2.00 | 35.90 | 37.90 | OK | |
r-release-linux-x86_64 | 0.2.2 | 1.90 | 35.85 | 37.75 | OK | |
r-release-macos-arm64 | 0.2.2 | 37.00 | OK | |||
r-release-macos-x86_64 | 0.2.2 | 63.00 | OK | |||
r-release-windows-x86_64 | 0.2.2 | 3.00 | 55.00 | 58.00 | OK | |
r-oldrel-macos-arm64 | 0.2.2 | 26.00 | NOTE | |||
r-oldrel-macos-x86_64 | 0.2.2 | 42.00 | NOTE | |||
r-oldrel-windows-x86_64 | 0.2.2 | 4.00 | 63.00 | 67.00 | NOTE |
Version: 0.2.2
Check: LazyData
Result: NOTE
'LazyData' is specified without a 'data' directory
Flavors: r-oldrel-macos-arm64, r-oldrel-macos-x86_64, r-oldrel-windows-x86_64