Last updated on 2025-07-25 16:49:46 CEST.
Flavor | Version | Tinstall | Tcheck | Ttotal | Status | Flags |
---|---|---|---|---|---|---|
r-devel-linux-x86_64-debian-clang | 2.4.4 | 26.28 | 231.20 | 257.48 | NOTE | |
r-devel-linux-x86_64-debian-gcc | 2.4.4 | 16.94 | 150.45 | 167.39 | NOTE | |
r-devel-linux-x86_64-fedora-clang | 2.4.4 | 434.91 | NOTE | |||
r-devel-linux-x86_64-fedora-gcc | 2.4.4 | 398.01 | NOTE | |||
r-devel-windows-x86_64 | 2.4.4 | 29.00 | 258.00 | 287.00 | NOTE | |
r-patched-linux-x86_64 | 2.4.4 | 29.82 | 217.76 | 247.58 | NOTE | |
r-release-linux-x86_64 | 2.4.4 | 23.78 | 217.54 | 241.32 | NOTE | |
r-release-macos-arm64 | 2.4.4 | 104.00 | NOTE | |||
r-release-macos-x86_64 | 2.4.4 | 326.00 | OK | |||
r-release-windows-x86_64 | 2.4.4 | 24.00 | 249.00 | 273.00 | NOTE | |
r-oldrel-macos-arm64 | 2.4.4 | 99.00 | OK | |||
r-oldrel-macos-x86_64 | 2.4.4 | 150.00 | OK | |||
r-oldrel-windows-x86_64 | 2.4.4 | 37.00 | 330.00 | 367.00 | OK |
Version: 2.4.4
Check: DESCRIPTION meta-information
Result: NOTE
Missing dependency on R >= 4.1.0 because package code uses the pipe
|> or function shorthand \(...) syntax added in R 4.1.0.
File(s) using such syntax:
‘Ravgr.Rd’ ‘TaylorRussell.Rd’
Flavors: r-devel-linux-x86_64-debian-clang, r-devel-linux-x86_64-debian-gcc, r-devel-linux-x86_64-fedora-clang, r-devel-linux-x86_64-fedora-gcc, r-devel-windows-x86_64, r-patched-linux-x86_64, r-release-linux-x86_64, r-release-macos-arm64, r-release-windows-x86_64
Version: 2.4.4
Check: Rd cross-references
Result: NOTE
Found the following Rd file(s) with Rd \link{} targets missing package
anchors:
promaxQ.Rd: GPForth
Please provide package anchors for all Rd \link{} targets not in the
package itself and the base packages.
Flavors: r-devel-linux-x86_64-debian-clang, r-devel-linux-x86_64-debian-gcc, r-devel-windows-x86_64, r-patched-linux-x86_64, r-release-linux-x86_64, r-release-windows-x86_64