CRAN Package Check Results for Package fullROC

Last updated on 2025-07-22 04:50:03 CEST.

Flavor Version Tinstall Tcheck Ttotal Status Flags
r-devel-linux-x86_64-debian-clang 0.1.0 1.89 21.53 23.42 OK
r-devel-linux-x86_64-debian-gcc 0.1.0 1.64 17.17 18.81 OK
r-devel-linux-x86_64-fedora-clang 0.1.0 36.68 OK
r-devel-linux-x86_64-fedora-gcc 0.1.0 35.09 OK
r-devel-windows-x86_64 0.1.0 3.00 42.00 45.00 OK
r-patched-linux-x86_64 0.1.0 1.95 20.34 22.29 OK
r-release-linux-x86_64 0.1.0 1.75 20.31 22.06 OK
r-release-macos-arm64 0.1.0 17.00 OK
r-release-macos-x86_64 0.1.0 29.00 OK
r-release-windows-x86_64 0.1.0 3.00 45.00 48.00 OK
r-oldrel-macos-arm64 0.1.0 15.00 NOTE
r-oldrel-macos-x86_64 0.1.0 28.00 NOTE
r-oldrel-windows-x86_64 0.1.0 2.00 42.00 44.00 NOTE

Check Details

Version: 0.1.0
Check: LazyData
Result: NOTE 'LazyData' is specified without a 'data' directory Flavors: r-oldrel-macos-arm64, r-oldrel-macos-x86_64, r-oldrel-windows-x86_64