Last updated on 2025-07-22 16:49:34 CEST.
Flavor | Version | Tinstall | Tcheck | Ttotal | Status | Flags |
---|---|---|---|---|---|---|
r-devel-linux-x86_64-debian-clang | 0.1.7 | 1.95 | 21.27 | 23.22 | NOTE | |
r-devel-linux-x86_64-debian-gcc | 0.1.7 | 1.52 | 18.01 | 19.53 | NOTE | |
r-devel-linux-x86_64-fedora-clang | 0.1.7 | 35.95 | OK | |||
r-devel-linux-x86_64-fedora-gcc | 0.1.7 | 34.65 | OK | |||
r-devel-windows-x86_64 | 0.1.7 | 3.00 | 47.00 | 50.00 | OK | |
r-patched-linux-x86_64 | 0.1.7 | 1.99 | 20.36 | 22.35 | OK | |
r-release-linux-x86_64 | 0.1.7 | 1.85 | 20.13 | 21.98 | OK | |
r-release-macos-arm64 | 0.1.7 | 18.00 | OK | |||
r-release-macos-x86_64 | 0.1.7 | 27.00 | OK | |||
r-release-windows-x86_64 | 0.1.7 | 4.00 | 51.00 | 55.00 | OK | |
r-oldrel-macos-arm64 | 0.1.7 | 16.00 | OK | |||
r-oldrel-macos-x86_64 | 0.1.7 | 23.00 | OK | |||
r-oldrel-windows-x86_64 | 0.1.7 | 3.00 | 47.00 | 50.00 | OK |
Version: 0.1.7
Check: CRAN incoming feasibility
Result: NOTE
Maintainer: ‘Paul R. Rosenbaum <rosenbaum@wharton.upenn.edu>’
No Authors@R field in DESCRIPTION.
Please add one, modifying
Authors@R: c(person(given = "Xinran",
family = "Li",
role = "aut"),
person(given = c("Paul", "R."),
family = "Rosenbaum",
role = c("aut", "cre"),
email = "rosenbaum@wharton.upenn.edu"))
as necessary.
Flavors: r-devel-linux-x86_64-debian-clang, r-devel-linux-x86_64-debian-gcc