Last updated on 2025-05-10 20:49:40 CEST.
Flavor | Version | Tinstall | Tcheck | Ttotal | Status | Flags |
---|---|---|---|---|---|---|
r-devel-linux-x86_64-debian-clang | 0.3.7 | 7.91 | 36.54 | 44.45 | NOTE | |
r-devel-linux-x86_64-debian-gcc | 0.3.7 | 5.90 | 28.30 | 34.20 | NOTE | |
r-devel-linux-x86_64-fedora-clang | 0.3.7 | 65.14 | NOTE | |||
r-devel-linux-x86_64-fedora-gcc | 0.3.7 | 63.67 | NOTE | |||
r-devel-windows-x86_64 | 0.3.7 | 10.00 | 62.00 | 72.00 | NOTE | |
r-patched-linux-x86_64 | 0.3.7 | 7.93 | 34.34 | 42.27 | NOTE | |
r-release-linux-x86_64 | 0.3.7 | 7.58 | 33.50 | 41.08 | NOTE | |
r-release-macos-arm64 | 0.3.7 | 49.00 | NOTE | |||
r-release-macos-x86_64 | 0.3.7 | 81.00 | NOTE | |||
r-release-windows-x86_64 | 0.3.7 | 11.00 | 65.00 | 76.00 | NOTE | |
r-oldrel-macos-arm64 | 0.3.7 | 32.00 | OK | |||
r-oldrel-macos-x86_64 | 0.3.7 | 55.00 | OK | |||
r-oldrel-windows-x86_64 | 0.3.7 | 13.00 | 67.00 | 80.00 | OK |
Version: 0.3.7
Check: DESCRIPTION meta-information
Result: NOTE
Missing dependency on R >= 4.1.0 because package code uses the pipe
|> or function shorthand \(...) syntax added in R 4.1.0.
File(s) using such syntax:
‘combine_fude.R’ ‘extract_fude.R’ ‘get_boundary.R’ ‘ls_fude.R’
‘read_fude.R’ ‘rename_fude.Rd’
Flavors: r-devel-linux-x86_64-debian-clang, r-devel-linux-x86_64-debian-gcc, r-devel-linux-x86_64-fedora-clang, r-devel-linux-x86_64-fedora-gcc, r-devel-windows-x86_64, r-patched-linux-x86_64, r-release-linux-x86_64, r-release-macos-arm64, r-release-windows-x86_64
Version: 0.3.7
Check: DESCRIPTION meta-information
Result: NOTE
Missing dependency on R >= 4.1.0 because package code uses the pipe
|> or function shorthand \(...) syntax added in R 4.1.0.
File(s) using such syntax:
‘combine_fude.R’ ‘extract_fude.R’ ‘get_boundary.R’ ‘ls_fude.R’
‘read_fude.R’
Flavor: r-release-macos-x86_64