Last updated on 2025-05-10 16:52:16 CEST.
Flavor | Version | Tinstall | Tcheck | Ttotal | Status | Flags |
---|---|---|---|---|---|---|
r-devel-linux-x86_64-debian-clang | 0.4.0 | 3.19 | 43.83 | 47.02 | NOTE | |
r-devel-linux-x86_64-debian-gcc | 0.4.0 | 2.59 | 33.15 | 35.74 | NOTE | |
r-devel-linux-x86_64-fedora-clang | 0.4.0 | 75.90 | OK | |||
r-devel-linux-x86_64-fedora-gcc | 0.4.0 | 85.76 | OK | |||
r-devel-windows-x86_64 | 0.4.0 | 3.00 | 67.00 | 70.00 | OK | |
r-patched-linux-x86_64 | 0.4.0 | 3.83 | 42.02 | 45.85 | OK | |
r-release-linux-x86_64 | 0.4.0 | 3.27 | 41.01 | 44.28 | OK | |
r-release-macos-arm64 | 0.4.0 | 31.00 | OK | |||
r-release-macos-x86_64 | 0.4.0 | 61.00 | OK | |||
r-release-windows-x86_64 | 0.4.0 | 5.00 | 66.00 | 71.00 | OK | |
r-oldrel-macos-arm64 | 0.4.0 | 30.00 | OK | |||
r-oldrel-macos-x86_64 | 0.4.0 | 44.00 | OK | |||
r-oldrel-windows-x86_64 | 0.4.0 | 5.00 | 76.00 | 81.00 | OK |
Version: 0.4.0
Check: CRAN incoming feasibility
Result: NOTE
Maintainer: ‘Masaaki Sudo <masaaki@sudori.info>’
Package CITATION file contains call(s) to old-style personList() or
as.personList(). Please use c() on person objects instead.
Package CITATION file contains call(s) to old-style citEntry(). Please
use bibentry() instead.
Flavors: r-devel-linux-x86_64-debian-clang, r-devel-linux-x86_64-debian-gcc