CRAN Package Check Results for Package forstringr

Last updated on 2025-05-10 08:50:38 CEST.

Flavor Version Tinstall Tcheck Ttotal Status Flags
r-devel-linux-x86_64-debian-clang 1.0.0 4.07 43.15 47.22 NOTE
r-devel-linux-x86_64-debian-gcc 1.0.0 2.49 32.18 34.67 NOTE
r-devel-linux-x86_64-fedora-clang 1.0.0 70.92 NOTE
r-devel-linux-x86_64-fedora-gcc 1.0.0 80.42 NOTE
r-devel-windows-x86_64 1.0.0 6.00 62.00 68.00 NOTE
r-patched-linux-x86_64 1.0.0 3.97 39.04 43.01 NOTE
r-release-linux-x86_64 1.0.0 3.67 40.47 44.14 NOTE
r-release-macos-arm64 1.0.0 51.00 NOTE
r-release-macos-x86_64 1.0.0 54.00 NOTE
r-release-windows-x86_64 1.0.0 6.00 61.00 67.00 NOTE
r-oldrel-macos-arm64 1.0.0 29.00 OK
r-oldrel-macos-x86_64 1.0.0 46.00 OK
r-oldrel-windows-x86_64 1.0.0 7.00 70.00 77.00 OK

Check Details

Version: 1.0.0
Check: DESCRIPTION meta-information
Result: NOTE Missing dependency on R >= 4.1.0 because package code uses the pipe |> or function shorthand \(...) syntax added in R 4.1.0. File(s) using such syntax: ‘str_extract_part.R’ Flavors: r-devel-linux-x86_64-debian-clang, r-devel-linux-x86_64-debian-gcc, r-devel-linux-x86_64-fedora-clang, r-devel-linux-x86_64-fedora-gcc, r-devel-windows-x86_64, r-patched-linux-x86_64, r-release-linux-x86_64, r-release-macos-arm64, r-release-macos-x86_64, r-release-windows-x86_64