Last updated on 2025-05-10 12:49:42 CEST.
Flavor | Version | Tinstall | Tcheck | Ttotal | Status | Flags |
---|---|---|---|---|---|---|
r-devel-linux-x86_64-debian-clang | 3.0.2 | 13.38 | 92.72 | 106.10 | NOTE | |
r-devel-linux-x86_64-debian-gcc | 3.0.2 | 9.54 | 64.11 | 73.65 | NOTE | |
r-devel-linux-x86_64-fedora-clang | 3.0.2 | 158.37 | NOTE | |||
r-devel-linux-x86_64-fedora-gcc | 3.0.2 | 157.22 | NOTE | |||
r-devel-windows-x86_64 | 3.0.2 | 16.00 | 102.00 | 118.00 | NOTE | |
r-patched-linux-x86_64 | 3.0.2 | 12.94 | 88.61 | 101.55 | NOTE | |
r-release-linux-x86_64 | 3.0.2 | 13.90 | 87.88 | 101.78 | NOTE | |
r-release-macos-arm64 | 3.0.2 | 51.00 | NOTE | |||
r-release-macos-x86_64 | 3.0.2 | 89.00 | NOTE | |||
r-release-windows-x86_64 | 3.0.2 | 16.00 | 99.00 | 115.00 | NOTE | |
r-oldrel-macos-arm64 | 3.0.2 | 46.00 | OK | |||
r-oldrel-macos-x86_64 | 3.0.2 | 55.00 | OK | |||
r-oldrel-windows-x86_64 | 3.0.2 | 19.00 | 122.00 | 141.00 | OK |
Version: 3.0.2
Check: DESCRIPTION meta-information
Result: NOTE
Missing dependency on R >= 4.1.0 because package code uses the pipe
|> or function shorthand \(...) syntax added in R 4.1.0.
File(s) using such syntax:
‘mod_carga_datos.R’ ‘mod_comparacion.R’ ‘mod_descom.R’
‘mod_descom_utils.R’ ‘mod_desvio.R’ ‘mod_model_arima_utils.R’
‘mod_normal_utils.R’ ‘mod_nuevos.R’ ‘mod_periodograma.R’
‘mod_periodograma_utils_.R’ ‘mod_t_c.R’ ‘mod_t_c_utils.R’
‘mod_train_test.R’ ‘ts_utils.R’
Flavors: r-devel-linux-x86_64-debian-clang, r-devel-linux-x86_64-debian-gcc, r-devel-linux-x86_64-fedora-clang, r-devel-linux-x86_64-fedora-gcc, r-devel-windows-x86_64, r-patched-linux-x86_64, r-release-linux-x86_64, r-release-macos-arm64, r-release-macos-x86_64, r-release-windows-x86_64