Last updated on 2025-05-10 01:51:22 CEST.
Flavor | Version | Tinstall | Tcheck | Ttotal | Status | Flags |
---|---|---|---|---|---|---|
r-devel-linux-x86_64-debian-clang | 1.5.2 | 2.56 | 48.66 | 51.22 | OK | |
r-devel-linux-x86_64-debian-gcc | 1.5.2 | 2.04 | 37.79 | 39.83 | OK | |
r-devel-linux-x86_64-fedora-clang | 1.5.2 | 78.77 | OK | |||
r-devel-linux-x86_64-fedora-gcc | 1.5.2 | 90.63 | OK | |||
r-devel-windows-x86_64 | 1.5.2 | 3.00 | 146.00 | 149.00 | OK | |
r-patched-linux-x86_64 | 1.5.2 | 2.65 | 47.26 | 49.91 | OK | |
r-release-linux-x86_64 | 1.5.2 | 2.45 | 46.69 | 49.14 | OK | |
r-release-macos-arm64 | 1.5.2 | 122.00 | OK | |||
r-release-macos-x86_64 | 1.5.2 | 152.00 | ERROR | |||
r-release-windows-x86_64 | 1.5.2 | 4.00 | 145.00 | 149.00 | OK | |
r-oldrel-macos-arm64 | 1.5.2 | 110.00 | OK | |||
r-oldrel-macos-x86_64 | 1.5.2 | 150.00 | OK | |||
r-oldrel-windows-x86_64 | 1.5.2 | 5.00 | 156.00 | 161.00 | NOTE |
Version: 1.5.2
Check: re-building of vignette outputs
Result: ERROR
Error(s) in re-building vignettes:
--- re-building ‘foreach.Rmd’ using rmarkdown
--- finished re-building ‘foreach.Rmd’
--- re-building ‘nested.Rmd’ using rmarkdown
Error: processing vignette 'nested.Rmd' failed with diagnostics:
there is no package called ‘htmltools’
--- failed re-building ‘nested.Rmd’
SUMMARY: processing the following file failed:
‘nested.Rmd’
Error: Vignette re-building failed.
Execution halted
Flavor: r-release-macos-x86_64
Version: 1.5.2
Check: package dependencies
Result: NOTE
Package suggested but not available for checking: 'doMC'
Flavor: r-oldrel-windows-x86_64