Last updated on 2025-05-10 12:49:42 CEST.
Flavor | Version | Tinstall | Tcheck | Ttotal | Status | Flags |
---|---|---|---|---|---|---|
r-devel-linux-x86_64-debian-clang | 1.0.2 | 3.91 | 21.82 | 25.73 | OK | |
r-devel-linux-x86_64-debian-gcc | 1.0.2 | 3.22 | 17.46 | 20.68 | OK | |
r-devel-linux-x86_64-fedora-clang | 1.0.2 | 38.49 | OK | |||
r-devel-linux-x86_64-fedora-gcc | 1.0.2 | 37.08 | OK | |||
r-devel-windows-x86_64 | 1.0.2 | 11.00 | 72.00 | 83.00 | OK | |
r-patched-linux-x86_64 | 1.0.2 | 3.79 | 21.05 | 24.84 | OK | |
r-release-linux-x86_64 | 1.0.2 | 3.74 | 21.19 | 24.93 | OK | |
r-release-macos-arm64 | 1.0.2 | 28.00 | OK | |||
r-release-macos-x86_64 | 1.0.2 | 40.00 | OK | |||
r-release-windows-x86_64 | 1.0.2 | 11.00 | 74.00 | 85.00 | OK | |
r-oldrel-macos-arm64 | 1.0.2 | 22.00 | OK | |||
r-oldrel-macos-x86_64 | 1.0.2 | 36.00 | OK | |||
r-oldrel-windows-x86_64 | 1.0.2 | 11.00 | 111.00 | 122.00 | NOTE |
Version: 1.0.2
Check: installed package size
Result: NOTE
installed size is 8.7Mb
sub-directories of 1Mb or more:
libs 8.6Mb
Flavor: r-oldrel-windows-x86_64