Last updated on 2025-05-10 12:49:42 CEST.
Flavor | Version | Tinstall | Tcheck | Ttotal | Status | Flags |
---|---|---|---|---|---|---|
r-devel-linux-x86_64-debian-clang | 0.2.0 | 6.24 | 81.62 | 87.86 | NOTE | |
r-devel-linux-x86_64-debian-gcc | 0.2.0 | 4.58 | 58.95 | 63.53 | NOTE | |
r-devel-linux-x86_64-fedora-clang | 0.2.0 | 145.96 | NOTE | |||
r-devel-linux-x86_64-fedora-gcc | 0.2.0 | 145.76 | NOTE | |||
r-devel-windows-x86_64 | 0.2.0 | 8.00 | 108.00 | 116.00 | NOTE | |
r-patched-linux-x86_64 | 0.2.0 | 6.32 | 77.56 | 83.88 | NOTE | |
r-release-linux-x86_64 | 0.2.0 | 6.13 | 76.94 | 83.07 | NOTE | |
r-release-macos-arm64 | 0.2.0 | 55.00 | NOTE | |||
r-release-macos-x86_64 | 0.2.0 | 98.00 | NOTE | |||
r-release-windows-x86_64 | 0.2.0 | 8.00 | 108.00 | 116.00 | NOTE | |
r-oldrel-macos-arm64 | 0.2.0 | 52.00 | NOTE | |||
r-oldrel-macos-x86_64 | 0.2.0 | 141.00 | NOTE | |||
r-oldrel-windows-x86_64 | 0.2.0 | 10.00 | 128.00 | 138.00 | NOTE |
Version: 0.2.0
Check: Rd files
Result: NOTE
checkRd: (-1) flow_embed.Rd:30: Lost braces; missing escapes or markup?
30 | \item Don't forget to add {flow} to Suggests in your DESCRIPTION file.
| ^
Flavors: r-devel-linux-x86_64-debian-clang, r-devel-linux-x86_64-debian-gcc, r-devel-linux-x86_64-fedora-clang, r-devel-linux-x86_64-fedora-gcc, r-devel-windows-x86_64, r-patched-linux-x86_64, r-release-linux-x86_64, r-release-macos-arm64, r-release-macos-x86_64, r-release-windows-x86_64, r-oldrel-macos-arm64, r-oldrel-macos-x86_64, r-oldrel-windows-x86_64