Last updated on 2025-05-10 20:49:40 CEST.
Flavor | Version | Tinstall | Tcheck | Ttotal | Status | Flags |
---|---|---|---|---|---|---|
r-devel-linux-x86_64-debian-clang | 0.2.3 | 2.99 | 36.90 | 39.89 | NOTE | |
r-devel-linux-x86_64-debian-gcc | 0.2.3 | 2.01 | 29.24 | 31.25 | NOTE | |
r-devel-linux-x86_64-fedora-clang | 0.2.3 | 58.87 | OK | |||
r-devel-linux-x86_64-fedora-gcc | 0.2.3 | 59.32 | OK | |||
r-devel-windows-x86_64 | 0.2.3 | 4.00 | 56.00 | 60.00 | OK | |
r-patched-linux-x86_64 | 0.2.3 | 2.91 | 35.15 | 38.06 | OK | |
r-release-linux-x86_64 | 0.2.3 | 2.39 | 35.21 | 37.60 | OK | |
r-release-macos-arm64 | 0.2.3 | 24.00 | OK | |||
r-release-macos-x86_64 | 0.2.3 | 54.00 | OK | |||
r-release-windows-x86_64 | 0.2.3 | 5.00 | 60.00 | 65.00 | OK | |
r-oldrel-macos-arm64 | 0.2.3 | 24.00 | OK | |||
r-oldrel-macos-x86_64 | 0.2.3 | 33.00 | OK | |||
r-oldrel-windows-x86_64 | 0.2.3 | 5.00 | 66.00 | 71.00 | OK |
Version: 0.2.3
Check: CRAN incoming feasibility
Result: NOTE
Maintainer: ‘Joe Thorley <joe@poissonconsulting.ca>’
Package has help file(s) containing later-stage \Sexpr{} expressions
but no 'build/stage23.rdb' file.
Flavors: r-devel-linux-x86_64-debian-clang, r-devel-linux-x86_64-debian-gcc