Last updated on 2025-05-10 12:49:42 CEST.
Flavor | Version | Tinstall | Tcheck | Ttotal | Status | Flags |
---|---|---|---|---|---|---|
r-devel-linux-x86_64-debian-clang | 1.0.0 | 2.89 | 50.56 | 53.45 | NOTE | |
r-devel-linux-x86_64-debian-gcc | 1.0.0 | 2.04 | 38.60 | 40.64 | NOTE | |
r-devel-linux-x86_64-fedora-clang | 1.0.0 | 81.62 | OK | |||
r-devel-linux-x86_64-fedora-gcc | 1.0.0 | 93.04 | OK | |||
r-devel-windows-x86_64 | 1.0.0 | 4.00 | 70.00 | 74.00 | NOTE | |
r-patched-linux-x86_64 | 1.0.0 | 3.40 | 46.49 | 49.89 | NOTE | |
r-release-linux-x86_64 | 1.0.0 | 2.63 | 47.14 | 49.77 | NOTE | |
r-release-macos-arm64 | 1.0.0 | 44.00 | OK | |||
r-release-macos-x86_64 | 1.0.0 | 67.00 | OK | |||
r-release-windows-x86_64 | 1.0.0 | 5.00 | 70.00 | 75.00 | NOTE | |
r-oldrel-macos-arm64 | 1.0.0 | 37.00 | OK | |||
r-oldrel-macos-x86_64 | 1.0.0 | 51.00 | OK | |||
r-oldrel-windows-x86_64 | 1.0.0 | 5.00 | 84.00 | 89.00 | OK |
Version: 1.0.0
Check: Rd cross-references
Result: NOTE
Found the following Rd file(s) with Rd \link{} targets missing package
anchors:
AICc.Rd: gam
Please provide package anchors for all Rd \link{} targets not in the
package itself and the base packages.
Flavors: r-devel-linux-x86_64-debian-clang, r-devel-linux-x86_64-debian-gcc, r-devel-windows-x86_64, r-patched-linux-x86_64, r-release-linux-x86_64, r-release-windows-x86_64