CRAN Package Check Results for Package flap

Last updated on 2025-07-25 20:49:29 CEST.

Flavor Version Tinstall Tcheck Ttotal Status Flags
r-devel-linux-x86_64-debian-clang 0.2.0 1.78 20.98 22.76 NOTE
r-devel-linux-x86_64-debian-gcc 0.2.0 1.33 17.20 18.53 NOTE
r-devel-linux-x86_64-fedora-clang 0.2.0 33.46 NOTE
r-devel-linux-x86_64-fedora-gcc 0.2.0 31.74 NOTE
r-devel-windows-x86_64 0.2.0 5.00 40.00 45.00 NOTE
r-patched-linux-x86_64 0.2.0 1.57 18.82 20.39 NOTE
r-release-linux-x86_64 0.2.0 1.67 18.87 20.54 NOTE
r-release-macos-arm64 0.2.0 17.00 NOTE
r-release-macos-x86_64 0.2.0 25.00 NOTE
r-release-windows-x86_64 0.2.0 4.00 42.00 46.00 NOTE
r-oldrel-macos-arm64 0.2.0 19.00 OK
r-oldrel-macos-x86_64 0.2.0 33.00 OK
r-oldrel-windows-x86_64 0.2.0 3.00 45.00 48.00 OK

Check Details

Version: 0.2.0
Check: DESCRIPTION meta-information
Result: NOTE Missing dependency on R >= 4.1.0 because package code uses the pipe |> or function shorthand \(...) syntax added in R 4.1.0. File(s) using such syntax: ‘projection.R’ Flavors: r-devel-linux-x86_64-debian-clang, r-devel-linux-x86_64-debian-gcc, r-devel-linux-x86_64-fedora-clang, r-devel-linux-x86_64-fedora-gcc, r-devel-windows-x86_64, r-patched-linux-x86_64, r-release-linux-x86_64, r-release-macos-arm64, r-release-macos-x86_64, r-release-windows-x86_64