CRAN Package Check Results for Package fixerapi

Last updated on 2025-05-10 08:50:38 CEST.

Flavor Version Tinstall Tcheck Ttotal Status Flags
r-devel-linux-x86_64-debian-clang 0.1.6 4.40 41.15 45.55 NOTE
r-devel-linux-x86_64-debian-gcc 0.1.6 2.92 30.79 33.71 NOTE
r-devel-linux-x86_64-fedora-clang 0.1.6 70.56 OK
r-devel-linux-x86_64-fedora-gcc 0.1.6 78.40 OK
r-devel-windows-x86_64 0.1.6 5.00 59.00 64.00 OK
r-patched-linux-x86_64 0.1.6 4.10 37.16 41.26 OK
r-release-linux-x86_64 0.1.6 4.05 37.12 41.17 OK
r-release-macos-arm64 0.1.6 30.00 OK
r-release-macos-x86_64 0.1.6 66.00 OK
r-release-windows-x86_64 0.1.6 6.00 58.00 64.00 OK
r-oldrel-macos-arm64 0.1.6 27.00 NOTE
r-oldrel-macos-x86_64 0.1.6 43.00 NOTE
r-oldrel-windows-x86_64 0.1.6 8.00 67.00 75.00 NOTE

Check Details

Version: 0.1.6
Check: CRAN incoming feasibility
Result: NOTE Maintainer: ‘Evan Odell <evanodell91@gmail.com>’ Found the following (possibly) invalid file URI: URI: CODE_OF_CONDUCT.md From: README.md Flavors: r-devel-linux-x86_64-debian-clang, r-devel-linux-x86_64-debian-gcc

Version: 0.1.6
Check: LazyData
Result: NOTE 'LazyData' is specified without a 'data' directory Flavors: r-oldrel-macos-arm64, r-oldrel-macos-x86_64, r-oldrel-windows-x86_64