Last updated on 2025-07-16 04:50:11 CEST.
Flavor | Version | Tinstall | Tcheck | Ttotal | Status | Flags |
---|---|---|---|---|---|---|
r-devel-linux-x86_64-debian-clang | 1.1 | 29.35 | 143.68 | 173.03 | OK | |
r-devel-linux-x86_64-debian-gcc | 1.1 | 23.36 | 113.12 | 136.48 | OK | |
r-devel-linux-x86_64-fedora-clang | 1.1 | 272.72 | NOTE | |||
r-devel-linux-x86_64-fedora-gcc | 1.1 | 264.43 | NOTE | |||
r-devel-windows-x86_64 | 1.1 | 34.00 | 145.00 | 179.00 | OK | |
r-patched-linux-x86_64 | 1.1 | 32.44 | 139.62 | 172.06 | OK | |
r-release-linux-x86_64 | 1.1 | 30.71 | 139.54 | 170.25 | OK | |
r-release-macos-arm64 | 1.1 | 116.00 | OK | |||
r-release-macos-x86_64 | 1.1 | 164.00 | OK | |||
r-release-windows-x86_64 | 1.1 | 35.00 | 179.00 | 214.00 | OK | |
r-oldrel-macos-arm64 | 1.1 | 112.00 | OK | |||
r-oldrel-macos-x86_64 | 1.1 | 129.00 | OK | |||
r-oldrel-windows-x86_64 | 1.1 | 42.00 | 185.00 | 227.00 | OK |
Version: 1.1
Check: dependencies in R code
Result: NOTE
Namespace in Imports field not imported from: ‘RcppProgress’
All declared Imports should be used.
Flavors: r-devel-linux-x86_64-fedora-clang, r-devel-linux-x86_64-fedora-gcc