Last updated on 2025-07-28 12:50:04 CEST.
Flavor | Version | Tinstall | Tcheck | Ttotal | Status | Flags |
---|---|---|---|---|---|---|
r-devel-linux-x86_64-debian-clang | 0.1-8 | 39.35 | 85.42 | 124.77 | NOTE | |
r-devel-linux-x86_64-debian-gcc | 0.1-8 | 24.96 | 61.11 | 86.07 | NOTE | |
r-devel-linux-x86_64-fedora-clang | 0.1-8 | 222.29 | OK | |||
r-devel-linux-x86_64-fedora-gcc | 0.1-8 | 194.09 | OK | |||
r-devel-windows-x86_64 | 0.1-8 | 44.00 | 116.00 | 160.00 | OK | |
r-patched-linux-x86_64 | 0.1-8 | 36.29 | 81.59 | 117.88 | OK | |
r-release-linux-x86_64 | 0.1-8 | 38.04 | 81.71 | 119.75 | OK | |
r-release-macos-arm64 | 0.1-8 | 59.00 | OK | |||
r-release-macos-x86_64 | 0.1-8 | 98.00 | OK | |||
r-release-windows-x86_64 | 0.1-8 | 44.00 | 106.00 | 150.00 | OK | |
r-oldrel-macos-arm64 | 0.1-8 | 53.00 | OK | |||
r-oldrel-macos-x86_64 | 0.1-8 | 76.00 | OK | |||
r-oldrel-windows-x86_64 | 0.1-8 | 55.00 | 136.00 | 191.00 | OK |
Version: 0.1-8
Check: CRAN incoming feasibility
Result: NOTE
Maintainer: ‘Natalya Pya Arnqvist <nat.pya@gmail.com>’
No Authors@R field in DESCRIPTION.
Please add one, modifying
Authors@R: c(person(given = c("Natalya", "Pya"),
family = "Arnqvist",
role = c("aut", "cre"),
email = "nat.pya@gmail.com"),
person(given = c("Sara", "Sjöstedt"),
family = "de Luna",
role = "aut"),
person(given = "Konrad",
family = "Abramowicz",
role = "aut"))
as necessary.
Flavors: r-devel-linux-x86_64-debian-clang, r-devel-linux-x86_64-debian-gcc