Last updated on 2025-05-10 20:49:40 CEST.
Flavor | Version | Tinstall | Tcheck | Ttotal | Status | Flags |
---|---|---|---|---|---|---|
r-devel-linux-x86_64-debian-clang | 0.1-8 | 39.58 | 85.19 | 124.77 | NOTE | |
r-devel-linux-x86_64-debian-gcc | 0.1-8 | 25.92 | 61.92 | 87.84 | NOTE | |
r-devel-linux-x86_64-fedora-clang | 0.1-8 | 218.17 | OK | |||
r-devel-linux-x86_64-fedora-gcc | 0.1-8 | 200.45 | OK | |||
r-devel-windows-x86_64 | 0.1-8 | 45.00 | 108.00 | 153.00 | OK | |
r-patched-linux-x86_64 | 0.1-8 | 32.04 | 82.95 | 114.99 | OK | |
r-release-linux-x86_64 | 0.1-8 | 35.30 | 82.13 | 117.43 | OK | |
r-release-macos-arm64 | 0.1-8 | 59.00 | OK | |||
r-release-macos-x86_64 | 0.1-8 | 98.00 | OK | |||
r-release-windows-x86_64 | 0.1-8 | 44.00 | 106.00 | 150.00 | OK | |
r-oldrel-macos-arm64 | 0.1-8 | 53.00 | OK | |||
r-oldrel-macos-x86_64 | 0.1-8 | 76.00 | OK | |||
r-oldrel-windows-x86_64 | 0.1-8 | 53.00 | 134.00 | 187.00 | OK |
Version: 0.1-8
Check: CRAN incoming feasibility
Result: NOTE
Maintainer: ‘Natalya Pya Arnqvist <nat.pya@gmail.com>’
No Authors@R field in DESCRIPTION.
Please add one, modifying
Authors@R: c(person(given = c("Natalya", "Pya"),
family = "Arnqvist",
role = c("aut", "cre"),
email = "nat.pya@gmail.com"),
person(given = c("Sara", "Sjöstedt"),
family = "de Luna",
role = "aut"),
person(given = "Konrad",
family = "Abramowicz",
role = "aut"))
as necessary.
Flavors: r-devel-linux-x86_64-debian-clang, r-devel-linux-x86_64-debian-gcc