Last updated on 2025-05-10 16:52:16 CEST.
Flavor | Version | Tinstall | Tcheck | Ttotal | Status | Flags |
---|---|---|---|---|---|---|
r-devel-linux-x86_64-debian-clang | 4.5.2 | 38.78 | 97.67 | 136.45 | NOTE | |
r-devel-linux-x86_64-debian-gcc | 4.5.2 | 30.42 | 67.09 | 97.51 | NOTE | |
r-devel-linux-x86_64-fedora-clang | 4.5.2 | 216.32 | NOTE | |||
r-devel-linux-x86_64-fedora-gcc | 4.5.2 | 237.09 | NOTE | |||
r-devel-windows-x86_64 | 4.5.2 | 54.00 | 132.00 | 186.00 | NOTE | |
r-patched-linux-x86_64 | 4.5.2 | 45.22 | 92.55 | 137.77 | NOTE | |
r-release-linux-x86_64 | 4.5.2 | 42.27 | 93.22 | 135.49 | NOTE | |
r-release-macos-arm64 | 4.5.2 | 60.00 | NOTE | |||
r-release-macos-x86_64 | 4.5.2 | 166.00 | NOTE | |||
r-release-windows-x86_64 | 4.5.2 | 57.00 | 133.00 | 190.00 | NOTE | |
r-oldrel-macos-arm64 | 4.5.2 | 62.00 | OK | |||
r-oldrel-macos-x86_64 | 4.5.2 | 127.00 | OK | |||
r-oldrel-windows-x86_64 | 4.5.2 | 60.00 | 154.00 | 214.00 | NOTE |
Version: 4.5.2
Check: dependencies in R code
Result: NOTE
Unexported object imported by a ':::' call: ‘bit:::R_bit_as_hi’
See the note in ?`:::` about the use of this operator.
Flavors: r-devel-linux-x86_64-debian-clang, r-devel-linux-x86_64-debian-gcc, r-devel-linux-x86_64-fedora-clang, r-devel-linux-x86_64-fedora-gcc, r-devel-windows-x86_64, r-patched-linux-x86_64, r-release-linux-x86_64, r-release-macos-arm64, r-release-macos-x86_64, r-release-windows-x86_64, r-oldrel-windows-x86_64