Last updated on 2025-07-18 08:50:57 CEST.
Flavor | Version | Tinstall | Tcheck | Ttotal | Status | Flags |
---|---|---|---|---|---|---|
r-devel-linux-x86_64-debian-clang | 1.0.1 | 13.79 | 54.41 | 68.20 | NOTE | |
r-devel-linux-x86_64-debian-gcc | 1.0.1 | 8.72 | 67.08 | 75.80 | NOTE | |
r-devel-linux-x86_64-fedora-clang | 1.0.1 | 164.83 | NOTE | |||
r-devel-linux-x86_64-fedora-gcc | 1.0.1 | 144.85 | NOTE | |||
r-devel-windows-x86_64 | 1.0.1 | 16.00 | 171.00 | 187.00 | NOTE | |
r-patched-linux-x86_64 | 1.0.1 | 13.14 | 69.07 | 82.21 | NOTE | |
r-release-linux-x86_64 | 1.0.1 | 12.71 | 78.60 | 91.31 | NOTE | |
r-release-macos-arm64 | 1.0.1 | 70.00 | NOTE | |||
r-release-macos-x86_64 | 1.0.1 | 126.00 | NOTE | |||
r-release-windows-x86_64 | 1.0.1 | 16.00 | 173.00 | 189.00 | NOTE | |
r-oldrel-macos-arm64 | 1.0.1 | 68.00 | NOTE | |||
r-oldrel-macos-x86_64 | 1.0.1 | 124.00 | NOTE | |||
r-oldrel-windows-x86_64 | 1.0.1 | 17.00 | 201.00 | 218.00 | NOTE |
Version: 1.0.1
Check: C++ specification
Result: NOTE
Specified C++11: please drop specification unless essential
Flavors: r-devel-linux-x86_64-debian-clang, r-devel-linux-x86_64-debian-gcc, r-devel-linux-x86_64-fedora-clang, r-devel-linux-x86_64-fedora-gcc, r-devel-windows-x86_64, r-patched-linux-x86_64, r-release-linux-x86_64, r-release-macos-arm64, r-release-macos-x86_64, r-release-windows-x86_64, r-oldrel-macos-arm64, r-oldrel-macos-x86_64, r-oldrel-windows-x86_64