Last updated on 2025-05-10 16:52:16 CEST.
Flavor | Version | Tinstall | Tcheck | Ttotal | Status | Flags |
---|---|---|---|---|---|---|
r-devel-linux-x86_64-debian-clang | 0.3.4 | 3.19 | 31.62 | 34.81 | OK | |
r-devel-linux-x86_64-debian-gcc | 0.3.4 | 2.24 | 24.35 | 26.59 | OK | |
r-devel-linux-x86_64-fedora-clang | 0.3.4 | 52.87 | NOTE | |||
r-devel-linux-x86_64-fedora-gcc | 0.3.4 | 62.67 | NOTE | |||
r-devel-windows-x86_64 | 0.3.4 | 4.00 | 51.00 | 55.00 | OK | |
r-patched-linux-x86_64 | 0.3.4 | 3.07 | 28.44 | 31.51 | OK | |
r-release-linux-x86_64 | 0.3.4 | 3.11 | 28.09 | 31.20 | OK | |
r-release-macos-arm64 | 0.3.4 | 39.00 | OK | |||
r-release-macos-x86_64 | 0.3.4 | 51.00 | OK | |||
r-release-windows-x86_64 | 0.3.4 | 5.00 | 54.00 | 59.00 | OK | |
r-oldrel-macos-arm64 | 0.3.4 | 48.00 | OK | |||
r-oldrel-macos-x86_64 | 0.3.4 | 69.00 | OK | |||
r-oldrel-windows-x86_64 | 0.3.4 | 6.00 | 56.00 | 62.00 | OK |
Version: 0.3.4
Check: dependencies in R code
Result: NOTE
Namespaces in Imports field not imported from:
‘collapse’ ‘data.table’ ‘kit’ ‘magrittr’
All declared Imports should be used.
Flavors: r-devel-linux-x86_64-fedora-clang, r-devel-linux-x86_64-fedora-gcc