Last updated on 2025-07-16 13:48:27 CEST.
Flavor | Version | Tinstall | Tcheck | Ttotal | Status | Flags |
---|---|---|---|---|---|---|
r-devel-linux-x86_64-debian-clang | 2.0.0 | 42.21 | 56.54 | 98.75 | OK | |
r-devel-linux-x86_64-debian-gcc | 2.0.0 | 36.23 | 42.31 | 78.54 | OK | |
r-devel-linux-x86_64-fedora-clang | 2.0.0 | 148.61 | OK | |||
r-devel-linux-x86_64-fedora-gcc | 2.0.0 | 147.15 | OK | |||
r-devel-windows-x86_64 | 2.0.0 | 45.00 | 64.00 | 109.00 | OK | |
r-patched-linux-x86_64 | 2.0.0 | 43.23 | 52.40 | 95.63 | OK | |
r-release-linux-x86_64 | 2.0.0 | 43.43 | 51.38 | 94.81 | OK | |
r-release-macos-arm64 | 2.0.0 | 65.00 | OK | |||
r-release-macos-x86_64 | 2.0.0 | 258.00 | OK | |||
r-release-windows-x86_64 | 2.0.0 | 47.00 | 72.00 | 119.00 | OK | |
r-oldrel-macos-arm64 | 2.0.0 | 63.00 | NOTE | |||
r-oldrel-macos-x86_64 | 2.0.0 | 116.00 | NOTE | |||
r-oldrel-windows-x86_64 | 2.0.0 | 57.00 | 82.00 | 139.00 | NOTE |
Version: 2.0.0
Check: installed package size
Result: NOTE
installed size is 16.8Mb
sub-directories of 1Mb or more:
data 16.7Mb
Flavors: r-oldrel-macos-arm64, r-oldrel-macos-x86_64, r-oldrel-windows-x86_64