CRAN Package Check Results for Package fastnet

Last updated on 2025-07-24 16:49:22 CEST.

Flavor Version Tinstall Tcheck Ttotal Status Flags
r-devel-linux-x86_64-debian-clang 1.0.0 4.90 36.84 41.74 OK
r-devel-linux-x86_64-debian-gcc 1.0.0 3.31 27.38 30.69 OK
r-devel-linux-x86_64-fedora-clang 1.0.0 66.54 OK
r-devel-linux-x86_64-fedora-gcc 1.0.0 65.15 OK
r-devel-windows-x86_64 1.0.0 7.00 64.00 71.00 OK
r-patched-linux-x86_64 1.0.0 5.34 35.32 40.66 OK
r-release-linux-x86_64 1.0.0 4.83 34.60 39.43 OK
r-release-macos-arm64 1.0.0 22.00 OK
r-release-macos-x86_64 1.0.0 39.00 OK
r-release-windows-x86_64 1.0.0 6.00 66.00 72.00 OK
r-oldrel-macos-arm64 1.0.0 23.00 NOTE
r-oldrel-macos-x86_64 1.0.0 32.00 NOTE
r-oldrel-windows-x86_64 1.0.0 9.00 72.00 81.00 NOTE

Check Details

Version: 1.0.0
Check: LazyData
Result: NOTE 'LazyData' is specified without a 'data' directory Flavors: r-oldrel-macos-arm64, r-oldrel-macos-x86_64, r-oldrel-windows-x86_64