Last updated on 2025-05-10 16:52:16 CEST.
Flavor | Version | Tinstall | Tcheck | Ttotal | Status | Flags |
---|---|---|---|---|---|---|
r-devel-linux-x86_64-debian-clang | 1.0.3 | 15.71 | 465.33 | 481.04 | NOTE | |
r-devel-linux-x86_64-debian-gcc | 1.0.3 | 10.78 | 296.70 | 307.48 | NOTE | |
r-devel-linux-x86_64-fedora-clang | 1.0.3 | 712.01 | NOTE | |||
r-devel-linux-x86_64-fedora-gcc | 1.0.3 | 622.57 | NOTE | |||
r-devel-windows-x86_64 | 1.0.3 | 16.00 | 312.00 | 328.00 | NOTE | |
r-patched-linux-x86_64 | 1.0.3 | 14.28 | 381.54 | 395.82 | NOTE | |
r-release-linux-x86_64 | 1.0.3 | 14.51 | 382.89 | 397.40 | NOTE | |
r-release-macos-arm64 | 1.0.3 | 176.00 | NOTE | |||
r-release-macos-x86_64 | 1.0.3 | 400.00 | NOTE | |||
r-release-windows-x86_64 | 1.0.3 | 16.00 | 315.00 | 331.00 | NOTE | |
r-oldrel-macos-arm64 | 1.0.3 | 162.00 | OK | |||
r-oldrel-macos-x86_64 | 1.0.3 | 281.00 | OK | |||
r-oldrel-windows-x86_64 | 1.0.3 | 23.00 | 397.00 | 420.00 | OK |
Version: 1.0.3
Check: DESCRIPTION meta-information
Result: NOTE
Missing dependency on R >= 4.1.0 because package code uses the pipe
|> or function shorthand \(...) syntax added in R 4.1.0.
File(s) using such syntax:
‘aggregate_gt.R’ ‘aux_funcs.R’ ‘double_did.R’ ‘estimate_gtatt.R’
‘generics.R’ ‘sim_did.R’
Flavors: r-devel-linux-x86_64-debian-clang, r-devel-linux-x86_64-debian-gcc, r-devel-linux-x86_64-fedora-clang, r-devel-linux-x86_64-fedora-gcc, r-devel-windows-x86_64, r-patched-linux-x86_64, r-release-linux-x86_64, r-release-macos-arm64, r-release-macos-x86_64, r-release-windows-x86_64