Last updated on 2024-05-08 04:49:10 CEST.
Flavor | Version | Tinstall | Tcheck | Ttotal | Status | Flags |
---|---|---|---|---|---|---|
r-devel-linux-x86_64-debian-clang | 1.1.3 | 11.22 | 70.20 | 81.42 | OK | |
r-devel-linux-x86_64-debian-gcc | 1.1.3 | 8.79 | 51.10 | 59.89 | OK | |
r-devel-linux-x86_64-fedora-clang | 1.1.3 | 101.16 | NOTE | |||
r-devel-linux-x86_64-fedora-gcc | 1.1.3 | 147.80 | OK | |||
r-devel-windows-x86_64 | 1.1.3 | 15.00 | 74.00 | 89.00 | OK | |
r-patched-linux-x86_64 | 1.1.3 | 11.74 | 65.55 | 77.29 | OK | |
r-release-linux-x86_64 | 1.1.3 | 8.26 | 65.54 | 73.80 | OK | |
r-release-macos-arm64 | 1.1.3 | 32.00 | OK | |||
r-release-windows-x86_64 | 1.1.3 | 14.00 | 75.00 | 89.00 | OK | |
r-oldrel-macos-arm64 | 1.1.3 | 37.00 | OK | |||
r-oldrel-macos-x86_64 | 1.1.3 | 55.00 | OK | |||
r-oldrel-windows-x86_64 | 1.1.3 | 14.00 | 86.00 | 100.00 | OK |
Version: 1.1.3
Check: installed package size
Result: NOTE
installed size is 7.4Mb
sub-directories of 1Mb or more:
libs 7.2Mb
Flavor: r-devel-linux-x86_64-fedora-clang