Last updated on 2025-05-10 16:52:15 CEST.
Flavor | Version | Tinstall | Tcheck | Ttotal | Status | Flags |
---|---|---|---|---|---|---|
r-devel-linux-x86_64-debian-clang | 0.0.4 | 4.88 | 44.52 | 49.40 | NOTE | |
r-devel-linux-x86_64-debian-gcc | 0.0.4 | 3.11 | 31.11 | 34.22 | NOTE | |
r-devel-linux-x86_64-fedora-clang | 0.0.4 | 74.61 | NOTE | |||
r-devel-linux-x86_64-fedora-gcc | 0.0.4 | 69.79 | NOTE | |||
r-devel-windows-x86_64 | 0.0.4 | 6.00 | 66.00 | 72.00 | NOTE | |
r-patched-linux-x86_64 | 0.0.4 | 4.19 | 40.78 | 44.97 | NOTE | |
r-release-linux-x86_64 | 0.0.4 | 4.97 | 40.50 | 45.47 | NOTE | |
r-release-macos-arm64 | 0.0.4 | 24.00 | NOTE | |||
r-release-macos-x86_64 | 0.0.4 | 44.00 | NOTE | |||
r-release-windows-x86_64 | 0.0.4 | 6.00 | 66.00 | 72.00 | NOTE | |
r-oldrel-macos-arm64 | 0.0.4 | 27.00 | NOTE | |||
r-oldrel-macos-x86_64 | 0.0.4 | 45.00 | NOTE | |||
r-oldrel-windows-x86_64 | 0.0.4 | 8.00 | 78.00 | 86.00 | NOTE |
Version: 0.0.4
Check: Rd files
Result: NOTE
checkRd: (-1) codePasses.Rd:64: Escaped LaTeX specials: \#
Flavors: r-devel-linux-x86_64-debian-clang, r-devel-linux-x86_64-debian-gcc, r-devel-linux-x86_64-fedora-clang, r-devel-linux-x86_64-fedora-gcc, r-devel-windows-x86_64, r-patched-linux-x86_64, r-release-linux-x86_64, r-release-macos-arm64, r-release-macos-x86_64, r-release-windows-x86_64, r-oldrel-macos-arm64, r-oldrel-macos-x86_64, r-oldrel-windows-x86_64