Last updated on 2025-05-10 16:52:15 CEST.
Flavor | Version | Tinstall | Tcheck | Ttotal | Status | Flags |
---|---|---|---|---|---|---|
r-devel-linux-x86_64-debian-clang | 1.6 | 21.10 | 26.09 | 47.19 | NOTE | |
r-devel-linux-x86_64-debian-gcc | 1.6 | 14.35 | 20.44 | 34.79 | NOTE | |
r-devel-linux-x86_64-fedora-clang | 1.6 | 87.87 | OK | |||
r-devel-linux-x86_64-fedora-gcc | 1.6 | 86.68 | OK | |||
r-devel-windows-x86_64 | 1.6 | 25.00 | 61.00 | 86.00 | OK | |
r-patched-linux-x86_64 | 1.6 | 22.56 | 24.84 | 47.40 | OK | |
r-release-linux-x86_64 | 1.6 | 21.16 | 24.97 | 46.13 | OK | |
r-release-macos-arm64 | 1.6 | 28.00 | OK | |||
r-release-macos-x86_64 | 1.6 | 42.00 | OK | |||
r-release-windows-x86_64 | 1.6 | 25.00 | 67.00 | 92.00 | OK | |
r-oldrel-macos-arm64 | 1.6 | 28.00 | OK | |||
r-oldrel-macos-x86_64 | 1.6 | 36.00 | OK | |||
r-oldrel-windows-x86_64 | 1.6 | 25.00 | 74.00 | 99.00 | OK |
Version: 1.6
Check: CRAN incoming feasibility
Result: NOTE
Maintainer: ‘Ben Powell <ben.powell@york.ac.uk>’
No Authors@R field in DESCRIPTION.
Please add one, modifying
Authors@R: person(given = "Ben",
family = "Powell",
role = c("aut", "cre"),
email = "ben.powell@york.ac.uk")
as necessary.
Flavors: r-devel-linux-x86_64-debian-clang, r-devel-linux-x86_64-debian-gcc