Last updated on 2025-05-10 20:49:40 CEST.
Flavor | Version | Tinstall | Tcheck | Ttotal | Status | Flags |
---|---|---|---|---|---|---|
r-devel-linux-x86_64-debian-clang | 1.4.0 | 46.88 | 159.06 | 205.94 | OK | |
r-devel-linux-x86_64-debian-gcc | 1.4.0 | 35.22 | 109.71 | 144.93 | OK | |
r-devel-linux-x86_64-fedora-clang | 1.4.0 | 407.44 | OK | |||
r-devel-linux-x86_64-fedora-gcc | 1.4.0 | 403.38 | OK | |||
r-devel-windows-x86_64 | 1.4.0 | 74.00 | 160.00 | 234.00 | OK | |
r-patched-linux-x86_64 | 1.4.0 | 46.51 | 148.87 | 195.38 | OK | |
r-release-linux-x86_64 | 1.4.0 | 45.49 | 151.45 | 196.94 | OK | |
r-release-macos-arm64 | 1.4.0 | 101.00 | OK | |||
r-release-macos-x86_64 | 1.4.0 | 125.00 | OK | |||
r-release-windows-x86_64 | 1.4.0 | 78.00 | 161.00 | 239.00 | OK | |
r-oldrel-macos-arm64 | 1.4.0 | 78.00 | NOTE | |||
r-oldrel-macos-x86_64 | 1.4.0 | 124.00 | NOTE | |||
r-oldrel-windows-x86_64 | 1.4.0 | 71.00 | 212.00 | 283.00 | NOTE |
Version: 1.4.0
Check: installed package size
Result: NOTE
installed size is 9.2Mb
sub-directories of 1Mb or more:
Report 1.3Mb
app 2.7Mb
doc 1.2Mb
libs 1.9Mb
Flavors: r-oldrel-macos-arm64, r-oldrel-macos-x86_64, r-oldrel-windows-x86_64