Last updated on 2025-05-10 16:52:15 CEST.
Flavor | Version | Tinstall | Tcheck | Ttotal | Status | Flags |
---|---|---|---|---|---|---|
r-devel-linux-x86_64-debian-clang | 0.1.1 | 4.79 | 41.35 | 46.14 | NOTE | |
r-devel-linux-x86_64-debian-gcc | 0.1.1 | 3.28 | 29.96 | 33.24 | NOTE | |
r-devel-linux-x86_64-fedora-clang | 0.1.1 | 63.40 | NOTE | |||
r-devel-linux-x86_64-fedora-gcc | 0.1.1 | 68.77 | NOTE | |||
r-devel-windows-x86_64 | 0.1.1 | 8.00 | 58.00 | 66.00 | NOTE | |
r-patched-linux-x86_64 | 0.1.1 | 4.66 | 39.41 | 44.07 | NOTE | |
r-release-linux-x86_64 | 0.1.1 | 4.28 | 38.99 | 43.27 | NOTE | |
r-release-macos-arm64 | 0.1.1 | 24.00 | NOTE | |||
r-release-macos-x86_64 | 0.1.1 | 39.00 | NOTE | |||
r-release-windows-x86_64 | 0.1.1 | 7.00 | 58.00 | 65.00 | NOTE | |
r-oldrel-macos-arm64 | 0.1.1 | 20.00 | OK | |||
r-oldrel-macos-x86_64 | 0.1.1 | 32.00 | OK | |||
r-oldrel-windows-x86_64 | 0.1.1 | 8.00 | 69.00 | 77.00 | OK |
Version: 0.1.1
Check: DESCRIPTION meta-information
Result: NOTE
Missing dependency on R >= 4.1.0 because package code uses the pipe
|> or function shorthand \(...) syntax added in R 4.1.0.
File(s) using such syntax:
‘compare_benchmark_event.R’ ‘compare_benchmark_time.R’
Flavors: r-devel-linux-x86_64-debian-clang, r-devel-linux-x86_64-debian-gcc, r-devel-linux-x86_64-fedora-clang, r-devel-linux-x86_64-fedora-gcc, r-devel-windows-x86_64, r-patched-linux-x86_64, r-release-linux-x86_64, r-release-macos-arm64, r-release-macos-x86_64, r-release-windows-x86_64