Last updated on 2025-05-10 12:49:41 CEST.
Flavor | Version | Tinstall | Tcheck | Ttotal | Status | Flags |
---|---|---|---|---|---|---|
r-devel-linux-x86_64-debian-clang | 0.10.0 | 77.41 | 363.46 | 440.87 | NOTE | |
r-devel-linux-x86_64-debian-gcc | 0.10.0 | 53.61 | 247.15 | 300.76 | NOTE | |
r-devel-linux-x86_64-fedora-clang | 0.10.0 | 724.84 | NOTE | |||
r-devel-linux-x86_64-fedora-gcc | 0.10.0 | 716.36 | NOTE | |||
r-devel-windows-x86_64 | 0.10.0 | 84.00 | 339.00 | 423.00 | NOTE | |
r-patched-linux-x86_64 | 0.10.0 | 75.30 | 348.91 | 424.21 | NOTE | |
r-release-linux-x86_64 | 0.10.0 | 72.69 | 345.85 | 418.54 | NOTE | |
r-release-macos-arm64 | 0.10.0 | 205.00 | NOTE | |||
r-release-macos-x86_64 | 0.10.0 | 434.00 | NOTE | |||
r-release-windows-x86_64 | 0.10.0 | 81.00 | 334.00 | 415.00 | WARN | |
r-oldrel-macos-arm64 | 0.10.0 | 190.00 | NOTE | |||
r-oldrel-macos-x86_64 | 0.10.0 | 297.00 | NOTE | |||
r-oldrel-windows-x86_64 | 0.10.0 | 103.00 | 475.00 | 578.00 | NOTE |
Version: 0.10.0
Check: C++ specification
Result: NOTE
Specified C++14: please drop specification unless essential
Flavors: r-devel-linux-x86_64-debian-clang, r-devel-linux-x86_64-debian-gcc, r-devel-linux-x86_64-fedora-clang, r-devel-linux-x86_64-fedora-gcc, r-devel-windows-x86_64, r-patched-linux-x86_64, r-release-linux-x86_64, r-release-macos-arm64, r-release-macos-x86_64, r-release-windows-x86_64, r-oldrel-macos-arm64, r-oldrel-macos-x86_64, r-oldrel-windows-x86_64
Version: 0.10.0
Check: whether the namespace can be loaded with stated dependencies
Result: WARN
A namespace must be able to be loaded with just the base namespace
loaded: otherwise if the namespace gets loaded by a saved object, the
session will be unable to start.
Probably some imports need to be declared in the NAMESPACE file.
Flavor: r-release-windows-x86_64
Version: 0.10.0
Check: installed package size
Result: NOTE
installed size is 7.5Mb
sub-directories of 1Mb or more:
libs 6.6Mb
Flavors: r-oldrel-macos-arm64, r-oldrel-macos-x86_64