Last updated on 2025-05-10 12:49:41 CEST.
Flavor | Version | Tinstall | Tcheck | Ttotal | Status | Flags |
---|---|---|---|---|---|---|
r-devel-linux-x86_64-debian-clang | 1.0.0 | 16.50 | 346.38 | 362.88 | NOTE | |
r-devel-linux-x86_64-debian-gcc | 1.0.0 | 10.57 | 263.32 | 273.89 | NOTE | |
r-devel-linux-x86_64-fedora-clang | 1.0.0 | 548.98 | NOTE | |||
r-devel-linux-x86_64-fedora-gcc | 1.0.0 | 572.11 | NOTE | |||
r-devel-windows-x86_64 | 1.0.0 | 16.00 | 266.00 | 282.00 | OK | |
r-patched-linux-x86_64 | 1.0.0 | 15.35 | 341.63 | 356.98 | OK | |
r-release-linux-x86_64 | 1.0.0 | 11.46 | 339.18 | 350.64 | OK | |
r-release-macos-arm64 | 1.0.0 | 182.00 | OK | |||
r-release-macos-x86_64 | 1.0.0 | 388.00 | OK | |||
r-release-windows-x86_64 | 1.0.0 | 15.00 | 264.00 | 279.00 | OK | |
r-oldrel-macos-arm64 | 1.0.0 | 155.00 | OK | |||
r-oldrel-macos-x86_64 | 1.0.0 | 236.00 | OK | |||
r-oldrel-windows-x86_64 | 1.0.0 | 22.00 | 341.00 | 363.00 | OK |
Version: 1.0.0
Check: CRAN incoming feasibility
Result: NOTE
Maintainer: ‘Michael Lingzhi Li <mili@hbs.edu>’
The Description field contains
<arXiv:1905.05389>.
Please refer to arXiv e-prints via their arXiv DOI <doi:10.48550/arXiv.YYMM.NNNNN>.
Flavors: r-devel-linux-x86_64-debian-clang, r-devel-linux-x86_64-debian-gcc
Version: 1.0.0
Check: dependencies in R code
Result: NOTE
Namespaces in Imports field not imported from:
‘forcats’ ‘rqPen’ ‘utils’
All declared Imports should be used.
Flavors: r-devel-linux-x86_64-fedora-clang, r-devel-linux-x86_64-fedora-gcc