Last updated on 2025-05-10 08:50:37 CEST.
Flavor | Version | Tinstall | Tcheck | Ttotal | Status | Flags |
---|---|---|---|---|---|---|
r-devel-linux-x86_64-debian-clang | 7.0.2 | 90.18 | 90.28 | 180.46 | OK | |
r-devel-linux-x86_64-debian-gcc | 7.0.2 | 59.16 | 66.10 | 125.26 | OK | |
r-devel-linux-x86_64-fedora-clang | 7.0.2 | 347.47 | OK | |||
r-devel-linux-x86_64-fedora-gcc | 7.0.2 | 332.96 | OK | |||
r-devel-windows-x86_64 | 7.0.2 | 106.00 | 123.00 | 229.00 | OK | |
r-patched-linux-x86_64 | 7.0.2 | 81.06 | 83.62 | 164.68 | OK | |
r-release-linux-x86_64 | 7.0.2 | 84.46 | 83.59 | 168.05 | OK | |
r-release-macos-arm64 | 7.0.2 | 92.00 | OK | |||
r-release-macos-x86_64 | 7.0.2 | 118.00 | OK | |||
r-release-windows-x86_64 | 7.0.2 | 106.00 | 122.00 | 228.00 | OK | |
r-oldrel-macos-arm64 | 7.0.2 | 81.00 | NOTE | |||
r-oldrel-macos-x86_64 | 7.0.2 | 150.00 | NOTE | |||
r-oldrel-windows-x86_64 | 7.0.2 | 125.00 | 141.00 | 266.00 | OK |
Version: 7.0.2
Check: installed package size
Result: NOTE
installed size is 5.7Mb
sub-directories of 1Mb or more:
doc 1.3Mb
libs 3.6Mb
Flavors: r-oldrel-macos-arm64, r-oldrel-macos-x86_64