Last updated on 2025-07-27 01:48:21 CEST.
Flavor | Version | Tinstall | Tcheck | Ttotal | Status | Flags |
---|---|---|---|---|---|---|
r-devel-linux-x86_64-debian-clang | 1.0.8 | 2.45 | 29.75 | 32.20 | NOTE | |
r-devel-linux-x86_64-debian-gcc | 1.0.8 | 1.65 | 23.32 | 24.97 | NOTE | |
r-devel-linux-x86_64-fedora-clang | 1.0.8 | 48.53 | OK | |||
r-devel-linux-x86_64-fedora-gcc | 1.0.8 | 60.91 | OK | |||
r-devel-windows-x86_64 | 1.0.8 | 4.00 | 58.00 | 62.00 | OK | |
r-patched-linux-x86_64 | 1.0.8 | 1.96 | 26.46 | 28.42 | OK | |
r-release-linux-x86_64 | 1.0.8 | 1.96 | 26.79 | 28.75 | OK | |
r-release-macos-arm64 | 1.0.8 | 31.00 | OK | |||
r-release-macos-x86_64 | 1.0.8 | 49.00 | OK | |||
r-release-windows-x86_64 | 1.0.8 | 3.00 | 50.00 | 53.00 | OK | |
r-oldrel-macos-arm64 | 1.0.8 | 27.00 | OK | |||
r-oldrel-macos-x86_64 | 1.0.8 | 41.00 | OK | |||
r-oldrel-windows-x86_64 | 1.0.8 | 4.00 | 55.00 | 59.00 | OK |
Version: 1.0.8
Check: CRAN incoming feasibility
Result: NOTE
Maintainer: ‘Jorge Cimentada <cimentadaj@gmail.com>’
Package CITATION file contains call(s) to old-style citEntry(). Please
use bibentry() instead.
Flavors: r-devel-linux-x86_64-debian-clang, r-devel-linux-x86_64-debian-gcc