Last updated on 2025-07-28 20:49:11 CEST.
Flavor | Version | Tinstall | Tcheck | Ttotal | Status | Flags |
---|---|---|---|---|---|---|
r-devel-linux-x86_64-debian-clang | 1.1.2 | 6.66 | 59.04 | 65.70 | OK | |
r-devel-linux-x86_64-debian-gcc | 1.1.2 | 4.41 | 44.74 | 49.15 | OK | |
r-devel-linux-x86_64-fedora-clang | 1.1.2 | 104.13 | OK | |||
r-devel-linux-x86_64-fedora-gcc | 1.1.2 | 114.77 | OK | |||
r-devel-windows-x86_64 | 1.1.2 | 8.00 | 78.00 | 86.00 | OK | |
r-patched-linux-x86_64 | 1.1.1 | 6.57 | 56.68 | 63.25 | NOTE | |
r-release-linux-x86_64 | 1.1.2 | 4.93 | 57.00 | 61.93 | OK | |
r-release-macos-arm64 | 1.1.2 | 88.00 | OK | |||
r-release-macos-x86_64 | 1.1.2 | 103.00 | OK | |||
r-release-windows-x86_64 | 1.1.2 | 7.00 | 76.00 | 83.00 | OK | |
r-oldrel-macos-arm64 | 1.1.2 | 87.00 | OK | |||
r-oldrel-macos-x86_64 | 1.1.2 | 127.00 | OK | |||
r-oldrel-windows-x86_64 | 1.1.2 | 10.00 | 89.00 | 99.00 | OK |
Version: 1.1.1
Check: Rd cross-references
Result: NOTE
Found the following Rd file(s) with Rd \link{} targets missing package
anchors:
MipRules-class.Rd: validator
errorlocate-package.Rd: validate
errorlocation.Rd: values
is_linear.Rd: validator
replace_errors.Rd: validator
translate_mip_lp.Rd: lp.control
Please provide package anchors for all Rd \link{} targets not in the
package itself and the base packages.
Flavor: r-patched-linux-x86_64