CRAN Package Check Results for Package errorist

Last updated on 2025-05-10 08:50:37 CEST.

Flavor Version Tinstall Tcheck Ttotal Status Flags
r-devel-linux-x86_64-debian-clang 0.1.2 1.57 23.36 24.93 NOTE
r-devel-linux-x86_64-debian-gcc 0.1.2 1.10 18.85 19.95 NOTE
r-devel-linux-x86_64-fedora-clang 0.1.2 38.72 OK
r-devel-linux-x86_64-fedora-gcc 0.1.2 51.84 OK
r-devel-windows-x86_64 0.1.2 2.00 44.00 46.00 NOTE
r-patched-linux-x86_64 0.1.2 1.20 21.60 22.80 NOTE
r-release-linux-x86_64 0.1.2 1.57 21.63 23.20 NOTE
r-release-macos-arm64 0.1.2 30.00 OK
r-release-macos-x86_64 0.1.2 40.00 OK
r-release-windows-x86_64 0.1.2 3.00 44.00 47.00 NOTE
r-oldrel-macos-arm64 0.1.2 23.00 OK
r-oldrel-macos-x86_64 0.1.2 51.00 OK
r-oldrel-windows-x86_64 0.1.2 4.00 49.00 53.00 OK

Check Details

Version: 0.1.2
Check: Rd cross-references
Result: NOTE Found the following Rd file(s) with Rd \link{} targets missing package anchors: errorist_init.Rd: searcher shims.Rd: searcher Please provide package anchors for all Rd \link{} targets not in the package itself and the base packages. Flavors: r-devel-linux-x86_64-debian-clang, r-devel-linux-x86_64-debian-gcc, r-devel-windows-x86_64, r-patched-linux-x86_64, r-release-linux-x86_64, r-release-windows-x86_64