Last updated on 2025-05-10 16:52:15 CEST.
Flavor | Version | Tinstall | Tcheck | Ttotal | Status | Flags |
---|---|---|---|---|---|---|
r-devel-linux-x86_64-debian-clang | 1.0.0 | 2.76 | 32.86 | 35.62 | NOTE | |
r-devel-linux-x86_64-debian-gcc | 1.0.0 | 2.06 | 25.86 | 27.92 | NOTE | |
r-devel-linux-x86_64-fedora-clang | 1.0.0 | 55.74 | OK | |||
r-devel-linux-x86_64-fedora-gcc | 1.0.0 | 70.56 | OK | |||
r-devel-windows-x86_64 | 1.0.0 | 4.00 | 51.00 | 55.00 | OK | |
r-patched-linux-x86_64 | 1.0.0 | 2.82 | 30.57 | 33.39 | OK | |
r-release-linux-x86_64 | 1.0.0 | 2.51 | 30.45 | 32.96 | OK | |
r-release-macos-arm64 | 1.0.0 | 27.00 | OK | |||
r-release-macos-x86_64 | 1.0.0 | 48.00 | OK | |||
r-release-windows-x86_64 | 1.0.0 | 4.00 | 58.00 | 62.00 | OK | |
r-oldrel-macos-arm64 | 1.0.0 | 25.00 | OK | |||
r-oldrel-macos-x86_64 | 1.0.0 | 38.00 | OK | |||
r-oldrel-windows-x86_64 | 1.0.0 | 6.00 | 58.00 | 64.00 | OK |
Version: 1.0.0
Check: CRAN incoming feasibility
Result: NOTE
Maintainer: ‘Bill Denney <wdenney@humanpredictions.com>’
Package CITATION file contains call(s) to old-style citEntry(). Please
use bibentry() instead.
Flavors: r-devel-linux-x86_64-debian-clang, r-devel-linux-x86_64-debian-gcc